CRAN Package Check Results for Package mapSpain

Last updated on 2022-01-23 17:48:20 CET.

Flavor Version Tinstall Tcheck Ttotal Status Flags
r-devel-linux-x86_64-debian-clang 0.4.0 6.78 168.92 175.70 OK
r-devel-linux-x86_64-debian-gcc 0.4.0 6.98 132.67 139.65 OK
r-devel-linux-x86_64-fedora-clang 0.4.0 217.19 NOTE
r-devel-linux-x86_64-fedora-gcc 0.4.0 204.93 NOTE
r-devel-windows-x86_64-new-UL 0.4.0 69.00 171.00 240.00 OK
r-devel-windows-x86_64-new-TK 0.4.0 NOTE
r-patched-linux-x86_64 0.4.0 8.03 159.12 167.15 OK
r-release-linux-x86_64 0.4.0 6.22 164.36 170.58 OK
r-release-macos-arm64 0.4.0 NOTE
r-release-macos-x86_64 0.4.0 NOTE
r-release-windows-ix86+x86_64 0.4.0 20.00 163.00 183.00 OK
r-oldrel-macos-x86_64 0.4.0 NOTE
r-oldrel-windows-ix86+x86_64 0.4.0 20.00 182.00 202.00 OK

Check Details

Version: 0.4.0
Check: data for non-ASCII characters
Result: NOTE
     Note: found 13084 marked UTF-8 strings
Flavors: r-devel-linux-x86_64-fedora-clang, r-devel-linux-x86_64-fedora-gcc, r-devel-windows-x86_64-new-TK, r-release-macos-arm64, r-release-macos-x86_64, r-oldrel-macos-x86_64