CRAN Package Check Results for Package manynet

Last updated on 2024-04-13 03:52:22 CEST.

Flavor Version Tinstall Tcheck Ttotal Status Flags
r-devel-linux-x86_64-debian-clang 0.4.4 16.12 154.49 170.61 OK
r-devel-linux-x86_64-debian-gcc 0.4.4 13.78 112.94 126.72 OK
r-devel-linux-x86_64-fedora-clang 0.4.4 220.70 NOTE
r-devel-linux-x86_64-fedora-gcc 0.4.4 205.80 NOTE
r-devel-windows-x86_64 0.4.4 15.00 123.00 138.00 OK
r-patched-linux-x86_64 0.4.4 13.22 149.38 162.60 OK
r-release-linux-x86_64 0.4.4 10.70 150.82 161.52 OK
r-release-macos-arm64 0.4.4 58.00 OK
r-release-macos-x86_64 0.4.4 112.00 OK
r-release-windows-x86_64 0.4.4 20.00 148.00 168.00 OK
r-oldrel-macos-arm64 0.4.4 54.00 OK
r-oldrel-windows-x86_64 0.4.4 22.00 146.00 168.00 OK

Check Details

Version: 0.4.4
Check: data for non-ASCII characters
Result: NOTE Note: found 7 marked UTF-8 strings Flavors: r-devel-linux-x86_64-fedora-clang, r-devel-linux-x86_64-fedora-gcc