CRAN Package Check Results for Package manymodelr

Last updated on 2019-05-22 07:49:52 CEST.

Flavor Version Tinstall Tcheck Ttotal Status Flags
r-devel-linux-x86_64-debian-clang 0.1.0 11.23 87.56 98.79 OK
r-devel-linux-x86_64-debian-gcc 0.1.0 9.13 68.92 78.05 OK
r-devel-linux-x86_64-fedora-clang 0.1.0 123.38 NOTE
r-devel-linux-x86_64-fedora-gcc 0.1.0 105.44 NOTE
r-devel-windows-ix86+x86_64 0.1.0 22.00 146.00 168.00 OK
r-patched-linux-x86_64 0.1.0 10.77 85.33 96.10 OK
r-patched-solaris-x86 0.1.0 194.50 NOTE
r-release-linux-x86_64 0.1.0 10.78 86.17 96.95 OK
r-release-windows-ix86+x86_64 0.1.0 34.00 104.00 138.00 OK
r-release-osx-x86_64 0.1.0 NOTE
r-oldrel-windows-ix86+x86_64 0.1.0 15.00 98.00 113.00 OK
r-oldrel-osx-x86_64 0.1.0 NOTE

Check Details

Version: 0.1.0
Check: dependencies in R code
Result: NOTE
    Namespaces in Imports field not imported from:
     ‘Metrics’ ‘plyr’ ‘tidyr’
     All declared Imports should be used.
Flavors: r-devel-linux-x86_64-fedora-clang, r-devel-linux-x86_64-fedora-gcc, r-patched-solaris-x86, r-release-osx-x86_64, r-oldrel-osx-x86_64