CRAN Package Check Results for Package manipulateWidget

Last updated on 2019-08-24 22:46:29 CEST.

Flavor Version Tinstall Tcheck Ttotal Status Flags
r-devel-linux-x86_64-debian-clang 0.10.0 4.32 51.93 56.25 OK
r-devel-linux-x86_64-debian-gcc 0.10.0 4.49 41.02 45.51 OK
r-devel-linux-x86_64-fedora-clang 0.10.0 74.29 OK
r-devel-linux-x86_64-fedora-gcc 0.10.0 67.80 OK
r-devel-windows-ix86+x86_64 0.10.0 13.00 59.00 72.00 OK
r-patched-linux-x86_64 0.10.0 5.02 50.44 55.46 OK
r-patched-solaris-x86 0.10.0 91.00 WARN
r-release-linux-x86_64 0.10.0 4.73 50.58 55.31 OK
r-release-windows-ix86+x86_64 0.10.0 16.00 91.00 107.00 OK
r-release-osx-x86_64 0.10.0 WARN
r-oldrel-windows-ix86+x86_64 0.10.0 14.00 96.00 110.00 OK
r-oldrel-osx-x86_64 0.10.0 WARN

Check Details

Version: 0.10.0
Check: re-building of vignette outputs
Result: WARN
    Error(s) in re-building vignettes:
     ...
    --- re-building ‘manipulateWidgets.Rmd’ using rmarkdown
    Warning in engine$weave(file, quiet = quiet, encoding = enc) :
     Pandoc (>= 1.12.3) and/or pandoc-citeproc not available. Falling back to R Markdown v1.
    Warning in normalizePath(f2) :
     path[1]="webshot123e6c8c844.png": No such file or directory
    Warning in file(con, "rb") :
     cannot open file 'webshot123e6c8c844.png': No such file or directory
    Quitting from lines 61-68 (manipulateWidgets.Rmd)
    Error: processing vignette 'manipulateWidgets.Rmd' failed with diagnostics:
    cannot open the connection
    --- failed re-building ‘manipulateWidgets.Rmd’
    
    SUMMARY: processing the following file failed:
     ‘manipulateWidgets.Rmd’
    
    Error: Vignette re-building failed.
    Execution halted
Flavor: r-patched-solaris-x86

Version: 0.10.0
Check: re-building of vignette outputs
Result: WARN
    Error(s) in re-building vignettes:
     ...
    --- re-building ‘manipulateWidgets.Rmd’ using rmarkdown
    Warning in engine$weave(file, quiet = quiet, encoding = enc) :
     Pandoc (>= 1.12.3) and/or pandoc-citeproc not available. Falling back to R Markdown v1.
    Warning in normalizePath(f2) :
     path[1]="webshot26c62068963e.png": No such file or directory
    Warning in file(con, "rb") :
     cannot open file 'webshot26c62068963e.png': No such file or directory
    Quitting from lines 61-68 (manipulateWidgets.Rmd)
    Error: processing vignette 'manipulateWidgets.Rmd' failed with diagnostics:
    cannot open the connection
    --- failed re-building ‘manipulateWidgets.Rmd’
    
    SUMMARY: processing the following file failed:
     ‘manipulateWidgets.Rmd’
    
    Error: Vignette re-building failed.
    Execution halted
Flavor: r-release-osx-x86_64

Version: 0.10.0
Check: re-building of vignette outputs
Result: WARN
    Error in re-building vignettes:
     ...
    Warning in engine$weave(file, quiet = quiet, encoding = enc) :
     Pandoc (>= 1.12.3) and/or pandoc-citeproc not available. Falling back to R Markdown v1.
    Warning in normalizePath(f2) :
     path[1]="./webshotd023306255d6.png": No such file or directory
    Warning in file(con, "rb") :
     cannot open file './webshotd023306255d6.png': No such file or directory
    Quitting from lines 61-68 (manipulateWidgets.Rmd)
    Error: processing vignette 'manipulateWidgets.Rmd' failed with diagnostics:
    cannot open the connection
    Execution halted
Flavor: r-oldrel-osx-x86_64