Last updated on 2023-03-20 12:51:15 CET.
Flavor | Version | Tinstall | Tcheck | Ttotal | Status | Flags |
---|---|---|---|---|---|---|
r-devel-linux-x86_64-debian-clang | 0.1.1 | NOTE | ||||
r-devel-linux-x86_64-debian-gcc | 0.1.1 | 49.08 | 67.47 | 116.55 | NOTE | |
r-devel-linux-x86_64-fedora-clang | 0.1.1 | 212.79 | NOTE | |||
r-devel-linux-x86_64-fedora-gcc | 0.1.1 | 199.25 | NOTE | |||
r-patched-linux-x86_64 | 0.1.1 | 53.75 | 80.86 | 134.61 | OK | |
r-release-linux-x86_64 | 0.1.1 | 52.10 | 81.54 | 133.64 | OK | |
r-release-macos-arm64 | 0.1.1 | 50.00 | OK | |||
r-release-macos-x86_64 | 0.1.1 | 65.00 | OK | |||
r-release-windows-x86_64 | 0.1.1 | 83.00 | 126.00 | 209.00 | OK | |
r-oldrel-macos-arm64 | 0.1.1 | 52.00 | OK | |||
r-oldrel-macos-x86_64 | 0.1.1 | 67.00 | OK | |||
r-oldrel-windows-ix86+x86_64 | 0.1.1 | 149.00 | 144.00 | 293.00 | OK |
Version: 0.1.1
Check: C++ specification
Result: NOTE
Specified C++11: please drop specification unless essential
Flavors: r-devel-linux-x86_64-debian-clang, r-devel-linux-x86_64-debian-gcc, r-devel-linux-x86_64-fedora-clang, r-devel-linux-x86_64-fedora-gcc