Last updated on 2023-03-20 12:51:15 CET.
Flavor | Version | Tinstall | Tcheck | Ttotal | Status | Flags |
---|---|---|---|---|---|---|
r-devel-linux-x86_64-debian-clang | 1.1.1 | NOTE | ||||
r-devel-linux-x86_64-debian-gcc | 1.1.1 | 4.55 | 23.55 | 28.10 | NOTE | |
r-devel-linux-x86_64-fedora-clang | 1.1.1 | 45.96 | NOTE | |||
r-devel-linux-x86_64-fedora-gcc | 1.1.1 | 44.07 | NOTE | |||
r-patched-linux-x86_64 | 1.1.1 | 5.83 | 28.48 | 34.31 | OK | |
r-release-linux-x86_64 | 1.1.1 | 4.85 | 29.47 | 34.32 | OK | |
r-release-macos-arm64 | 1.1.1 | 20.00 | NOTE | |||
r-release-macos-x86_64 | 1.1.1 | 27.00 | NOTE | |||
r-release-windows-x86_64 | 1.1.1 | 39.00 | 65.00 | 104.00 | OK | |
r-oldrel-macos-arm64 | 1.1.1 | 24.00 | NOTE | |||
r-oldrel-macos-x86_64 | 1.1.1 | 29.00 | NOTE | |||
r-oldrel-windows-ix86+x86_64 | 1.1.1 | 10.00 | 55.00 | 65.00 | OK |
Version: 1.1.1
Check: Rd files
Result: NOTE
checkRd: (-1) breast_cancer_clean_features.Rd:45: Escaped LaTeX specials: \&
Flavors: r-devel-linux-x86_64-debian-clang, r-devel-linux-x86_64-debian-gcc, r-devel-linux-x86_64-fedora-clang, r-devel-linux-x86_64-fedora-gcc
Version: 1.1.1
Check: dependencies in R code
Result: NOTE
Namespace in Imports field not imported from: ‘tibble’
All declared Imports should be used.
Flavors: r-devel-linux-x86_64-fedora-clang, r-devel-linux-x86_64-fedora-gcc, r-release-macos-arm64, r-release-macos-x86_64, r-oldrel-macos-arm64, r-oldrel-macos-x86_64
Version: 1.1.1
Check: data for non-ASCII characters
Result: NOTE
Note: found 328 marked UTF-8 strings
Flavors: r-devel-linux-x86_64-fedora-clang, r-devel-linux-x86_64-fedora-gcc, r-release-macos-arm64, r-release-macos-x86_64, r-oldrel-macos-arm64, r-oldrel-macos-x86_64