CRAN Package Check Results for Package malariaAtlas

Last updated on 2019-04-20 04:52:02 CEST.

Flavor Version Tinstall Tcheck Ttotal Status Flags
r-devel-linux-x86_64-debian-clang 0.0.3 6.06 86.17 92.23 OK
r-devel-linux-x86_64-debian-gcc 0.0.3 5.98 69.94 75.92 OK
r-devel-linux-x86_64-fedora-clang 0.0.3 105.37 NOTE
r-devel-linux-x86_64-fedora-gcc 0.0.3 99.38 NOTE
r-devel-windows-ix86+x86_64 0.0.3 18.00 175.00 193.00 OK
r-patched-linux-x86_64 0.0.3 6.07 84.53 90.60 OK
r-patched-solaris-x86 0.0.3 169.00 NOTE
r-release-linux-x86_64 0.0.3 4.78 89.91 94.69 OK
r-release-windows-ix86+x86_64 0.0.3 8.00 188.00 196.00 OK
r-release-osx-x86_64 0.0.3 NOTE
r-oldrel-windows-ix86+x86_64 0.0.3 10.00 200.00 210.00 OK
r-oldrel-osx-x86_64 0.0.3 NOTE

Check Details

Version: 0.0.3
Check: dependencies in R code
Result: NOTE
    Namespace in Imports field not imported from: ‘grid’
     All declared Imports should be used.
Flavors: r-devel-linux-x86_64-fedora-clang, r-devel-linux-x86_64-fedora-gcc, r-patched-solaris-x86, r-release-osx-x86_64, r-oldrel-osx-x86_64

Version: 0.0.3
Check: foreign function calls
Result: NOTE
    Warning in find_bad_exprs(exprs[[i]]) :
     it is not known that wchar_t is Unicode on this platform
    Warning in find_bad_exprs(exprs[[i]]) :
     it is not known that wchar_t is Unicode on this platform
    Warning in find_bad_exprs(exprs[[i]]) :
     it is not known that wchar_t is Unicode on this platform
    Warning in find_bad_exprs(exprs[[i]]) :
     it is not known that wchar_t is Unicode on this platform
    See chapter ‘System and foreign language interfaces’ in the ‘Writing R
    Extensions’ manual.
Flavor: r-patched-solaris-x86