CRAN Package Check Results for Package malariaAtlas

Last updated on 2019-06-16 13:46:35 CEST.

Flavor Version Tinstall Tcheck Ttotal Status Flags
r-devel-linux-x86_64-debian-clang 0.0.3 6.13 87.00 93.13 OK
r-devel-linux-x86_64-debian-gcc 0.0.3 5.43 67.80 73.23 OK
r-devel-linux-x86_64-fedora-clang 0.0.3 109.71 NOTE
r-devel-linux-x86_64-fedora-gcc 0.0.3 103.49 NOTE
r-devel-windows-ix86+x86_64 0.0.3 20.00 191.00 211.00 OK
r-patched-linux-x86_64 0.0.3 5.57 85.41 90.98 OK
r-patched-solaris-x86 0.0.3 173.00 NOTE
r-release-linux-x86_64 0.0.3 6.13 86.08 92.21 OK
r-release-windows-ix86+x86_64 0.0.3 14.00 184.00 198.00 OK
r-release-osx-x86_64 0.0.3 NOTE
r-oldrel-windows-ix86+x86_64 0.0.3 8.00 187.00 195.00 OK
r-oldrel-osx-x86_64 0.0.3 NOTE

Check Details

Version: 0.0.3
Check: dependencies in R code
Result: NOTE
    Namespace in Imports field not imported from: ‘grid’
     All declared Imports should be used.
Flavors: r-devel-linux-x86_64-fedora-clang, r-devel-linux-x86_64-fedora-gcc, r-patched-solaris-x86, r-release-osx-x86_64, r-oldrel-osx-x86_64

Version: 0.0.3
Check: foreign function calls
Result: NOTE
    Warning in find_bad_exprs(exprs[[i]]) :
     it is not known that wchar_t is Unicode on this platform
    Warning in find_bad_exprs(exprs[[i]]) :
     it is not known that wchar_t is Unicode on this platform
    Warning in find_bad_exprs(exprs[[i]]) :
     it is not known that wchar_t is Unicode on this platform
    Warning in find_bad_exprs(exprs[[i]]) :
     it is not known that wchar_t is Unicode on this platform
    See chapter ‘System and foreign language interfaces’ in the ‘Writing R
    Extensions’ manual.
Flavor: r-patched-solaris-x86