CRAN Package Check Results for Package maic

Last updated on 2022-08-09 10:52:24 CEST.

Flavor Version Tinstall Tcheck Ttotal Status Flags
r-devel-linux-x86_64-debian-clang 0.1.4 2.40 43.04 45.44 NOTE
r-devel-linux-x86_64-debian-gcc 0.1.4 2.43 32.94 35.37 NOTE
r-devel-linux-x86_64-fedora-clang 0.1.4 65.40 NOTE
r-devel-linux-x86_64-fedora-gcc 0.1.4 65.60 NOTE
r-devel-windows-x86_64 0.1.4 11.00 68.00 79.00 NOTE
r-patched-linux-x86_64 0.1.4 8.99 41.87 50.86 OK
r-release-linux-x86_64 0.1.4 OK
r-release-macos-arm64 0.1.4 23.00 OK
r-release-macos-x86_64 0.1.4 30.00 OK
r-release-windows-x86_64 0.1.4 10.00 67.00 77.00 OK
r-oldrel-macos-arm64 0.1.4 23.00 OK
r-oldrel-macos-x86_64 0.1.4 31.00 OK
r-oldrel-windows-ix86+x86_64 0.1.4 9.00 65.00 74.00 OK

Check Details

Version: 0.1.4
Check: package subdirectories
Result: NOTE
    Problems with news in 'NEWS.md':
    No news entries found.
Flavors: r-devel-linux-x86_64-debian-clang, r-devel-linux-x86_64-debian-gcc, r-devel-linux-x86_64-fedora-clang, r-devel-linux-x86_64-fedora-gcc, r-devel-windows-x86_64