CRAN Package Check Results for Package magrittr

Last updated on 2024-02-23 04:02:05 CET.

Flavor Version Tinstall Tcheck Ttotal Status Flags
r-devel-linux-x86_64-debian-clang 2.0.3 OK
r-devel-linux-x86_64-debian-gcc 2.0.3 2.03 25.94 27.97 OK
r-devel-linux-x86_64-fedora-clang 2.0.3 46.12 OK
r-devel-linux-x86_64-fedora-gcc 2.0.3 55.19 OK
r-devel-windows-x86_64 2.0.3 1.00 5.00 6.00 ERROR
r-patched-linux-x86_64 2.0.3 2.94 32.62 35.56 OK
r-release-linux-x86_64 2.0.3 2.33 32.43 34.76 OK
r-release-macos-arm64 2.0.3 45.00 OK
r-release-macos-x86_64 2.0.3 43.00 OK
r-release-windows-x86_64 2.0.3 8.00 54.00 62.00 OK
r-oldrel-macos-arm64 2.0.3 39.00 OK
r-oldrel-windows-x86_64 2.0.3 8.00 61.00 69.00 OK

Check Details

Version: 2.0.3
Check: whether package can be installed
Result: ERROR Installation failed. Flavor: r-devel-windows-x86_64