CRAN Package Check Results for Package magrittr

Last updated on 2020-02-26 13:47:50 CET.

Flavor Version Tinstall Tcheck Ttotal Status Flags
r-devel-linux-x86_64-debian-clang 1.5 1.38 23.58 24.96 OK
r-devel-linux-x86_64-debian-gcc 1.5 OK
r-devel-linux-x86_64-fedora-clang 1.5 32.71 OK
r-devel-linux-x86_64-fedora-gcc 1.5 32.03 OK
r-devel-windows-ix86+x86_64 1.5 9.00 38.00 47.00 OK
r-devel-windows-ix86+x86_64-gcc8 1.5 10.00 37.00 47.00 OK
r-patched-linux-x86_64 1.5 1.29 21.75 23.04 OK
r-patched-solaris-x86 1.5 46.30 OK
r-release-linux-x86_64 1.5 1.72 21.61 23.33 OK
r-release-windows-ix86+x86_64 1.5 2.00 5.00 7.00 ERROR
r-release-osx-x86_64 1.5 OK
r-oldrel-windows-ix86+x86_64 1.5 7.00 36.00 43.00 OK
r-oldrel-osx-x86_64 1.5 OK

Check Details

Version: 1.5
Check: whether package can be installed
Result: ERROR
    Installation failed.
Flavor: r-release-windows-ix86+x86_64