CRAN Package Check Results for Package magrittr

Last updated on 2019-03-24 06:48:25 CET.

Flavor Version Tinstall Tcheck Ttotal Status Flags
r-devel-linux-x86_64-debian-clang 1.5 1.35 21.20 22.55 OK
r-devel-linux-x86_64-debian-gcc 1.5 1.26 17.33 18.59 OK
r-devel-linux-x86_64-fedora-clang 1.5 28.49 OK
r-devel-linux-x86_64-fedora-gcc 1.5 27.15 OK
r-devel-windows-ix86+x86_64 1.5 12.00 47.00 59.00 OK
r-patched-linux-x86_64 1.5 0.73 19.87 20.60 OK
r-patched-solaris-x86 1.5 41.50 OK
r-release-linux-x86_64 1.5 0.30 2.23 2.53 ERROR
r-release-windows-ix86+x86_64 1.5 4.00 35.00 39.00 OK
r-release-osx-x86_64 1.5 OK
r-oldrel-windows-ix86+x86_64 1.5 6.00 48.00 54.00 OK
r-oldrel-osx-x86_64 1.5 OK

Check Details

Version: 1.5
Check: whether package can be installed
Result: ERROR
    Installation failed.
Flavor: r-release-linux-x86_64