CRAN Package Check Results for Package magclass

Last updated on 2022-09-27 20:53:05 CEST.

Flavor Version Tinstall Tcheck Ttotal Status Flags
r-devel-linux-x86_64-debian-clang 6.0.9 12.04 148.75 160.79 NOTE
r-devel-linux-x86_64-debian-gcc 6.0.9 8.11 107.73 115.84 NOTE
r-devel-linux-x86_64-fedora-clang 6.0.9 199.85 NOTE
r-devel-linux-x86_64-fedora-gcc 6.0.9 192.28 NOTE
r-devel-windows-x86_64 6.0.9 74.00 198.00 272.00 NOTE
r-patched-linux-x86_64 6.0.9 11.89 139.34 151.23 OK
r-release-linux-x86_64 6.0.9 10.13 134.38 144.51 OK
r-release-macos-arm64 6.0.9 47.00 NOTE
r-release-macos-x86_64 6.0.9 71.00 NOTE
r-release-windows-x86_64 6.0.9 98.00 195.00 293.00 OK
r-oldrel-macos-arm64 6.0.9 48.00 NOTE
r-oldrel-macos-x86_64 6.0.9 63.00 NOTE
r-oldrel-windows-ix86+x86_64 6.0.9 21.00 196.00 217.00 WARN

Check Details

Version: 6.0.9
Check: Rd files
Result: NOTE
    checkRd: (-1) read.magpie.Rd:20: Escaped LaTeX specials: \_ \_
    checkRd: (-1) read.magpie.Rd:23: Escaped LaTeX specials: \_
    checkRd: (-1) read.magpie.Rd:35: Escaped LaTeX specials: \_
    checkRd: (-1) read.magpie.Rd:36: Escaped LaTeX specials: \_
    checkRd: (-1) read.magpie.Rd:65: Escaped LaTeX specials: \_
    checkRd: (-1) write.magpie.Rd:24: Escaped LaTeX specials: \_ \_
    checkRd: (-1) write.magpie.Rd:27: Escaped LaTeX specials: \_
    checkRd: (-1) write.magpie.Rd:39: Escaped LaTeX specials: \_
    checkRd: (-1) write.magpie.Rd:40: Escaped LaTeX specials: \_
    checkRd: (-1) write.magpie.Rd:42: Escaped LaTeX specials: \_
    checkRd: (-1) write.magpie.Rd:43: Escaped LaTeX specials: \_
    checkRd: (-1) write.magpie.Rd:70: Escaped LaTeX specials: \_
Flavors: r-devel-linux-x86_64-debian-clang, r-devel-linux-x86_64-debian-gcc, r-devel-linux-x86_64-fedora-clang, r-devel-linux-x86_64-fedora-gcc, r-devel-windows-x86_64

Version: 6.0.9
Check: dependencies in R code
Result: NOTE
    Namespaces in Imports field not imported from:
     ‘maptools’ ‘sp’
     All declared Imports should be used.
Flavors: r-devel-linux-x86_64-fedora-clang, r-devel-linux-x86_64-fedora-gcc, r-release-macos-arm64, r-release-macos-x86_64, r-oldrel-macos-arm64, r-oldrel-macos-x86_64

Version: 6.0.9
Check: for unstated dependencies in ‘tests’
Result: WARN
    Warning: unable to access index for repository https://bioconductor.org/packages/3.14/bioc/src/contrib:
     cannot open URL 'https://bioconductor.org/packages/3.14/bioc/src/contrib/PACKAGES'
    Warning: unable to access index for repository https://bioconductor.org/packages/3.14/data/annotation/src/contrib:
     cannot open URL 'https://bioconductor.org/packages/3.14/data/annotation/src/contrib/PACKAGES'
    Warning: unable to access index for repository https://bioconductor.org/packages/3.14/data/experiment/src/contrib:
     cannot open URL 'https://bioconductor.org/packages/3.14/data/experiment/src/contrib/PACKAGES'
Flavor: r-oldrel-windows-ix86+x86_64