CRAN Package Check Results for Package mRMRe

Last updated on 2022-01-25 01:53:15 CET.

Flavor Version Tinstall Tcheck Ttotal Status Flags
r-devel-linux-x86_64-debian-clang 2.1.2 13.54 101.08 114.62 OK
r-devel-linux-x86_64-debian-gcc 2.1.2 10.86 76.33 87.19 OK
r-devel-linux-x86_64-fedora-clang 2.1.2 148.58 OK
r-devel-linux-x86_64-fedora-gcc 2.1.2 131.90 OK
r-devel-windows-x86_64-new-UL 2.1.2 70.00 160.00 230.00 OK
r-devel-windows-x86_64-new-TK 2.1.2 OK
r-patched-linux-x86_64 2.1.2 13.05 97.60 110.65 WARN
r-release-linux-x86_64 2.1.2 13.14 95.38 108.52 WARN
r-release-macos-arm64 2.1.2 OK
r-release-macos-x86_64 2.1.2 OK
r-release-windows-ix86+x86_64 2.1.2 35.00 169.00 204.00 WARN
r-oldrel-macos-x86_64 2.1.2 OK
r-oldrel-windows-ix86+x86_64 2.1.2 36.00 169.00 205.00 OK

Check Details

Version: 2.1.2
Check: data for ASCII and uncompressed saves
Result: WARN
    
     Note: significantly better compression could be obtained
     by using R CMD build --resave-data
     old_size new_size compress
     cgps.rda 1.5Mb 1.4Mb xz
Flavors: r-patched-linux-x86_64, r-release-linux-x86_64, r-release-windows-ix86+x86_64