CRAN Package Check Results for Package mRMRe

Last updated on 2020-07-11 08:48:34 CEST.

Flavor Version Tinstall Tcheck Ttotal Status Flags
r-devel-linux-x86_64-debian-clang 2.1.0 13.80 88.37 102.17 OK
r-devel-linux-x86_64-debian-gcc 2.1.0 10.80 68.86 79.66 OK
r-devel-linux-x86_64-fedora-gcc 2.1.0 121.65 OK
r-devel-windows-ix86+x86_64 2.1.0 30.00 175.00 205.00 OK
r-patched-linux-x86_64 2.1.0 12.34 85.49 97.83 WARN
r-patched-solaris-x86 2.1.0 186.90 WARN
r-release-linux-x86_64 2.1.0 13.32 87.69 101.01 WARN
r-release-osx-x86_64 2.1.0 OK
r-release-windows-ix86+x86_64 2.1.0 29.00 183.00 212.00 WARN
r-oldrel-osx-x86_64 2.1.0 OK
r-oldrel-windows-ix86+x86_64 2.1.0 45.00 173.00 218.00 OK

Check Details

Version: 2.1.0
Check: data for ASCII and uncompressed saves
Result: WARN
    
     Note: significantly better compression could be obtained
     by using R CMD build --resave-data
     old_size new_size compress
     cgps.rda 1.5Mb 1.4Mb xz
Flavors: r-patched-linux-x86_64, r-patched-solaris-x86, r-release-linux-x86_64, r-release-windows-ix86+x86_64