Last updated on 2023-12-11 05:51:59 CET.
Flavor | Version | Tinstall | Tcheck | Ttotal | Status | Flags |
---|---|---|---|---|---|---|
r-devel-linux-x86_64-debian-clang | 1.0.0 | 2.21 | 27.54 | 29.75 | OK | |
r-devel-linux-x86_64-debian-gcc | 1.0.0 | 1.88 | 21.88 | 23.76 | OK | |
r-devel-linux-x86_64-fedora-clang | 1.0.0 | 38.59 | OK | |||
r-devel-linux-x86_64-fedora-gcc | 1.0.0 | 38.16 | OK | |||
r-devel-windows-x86_64 | 1.0.0 | 3.00 | 47.00 | 50.00 | OK | |
r-patched-linux-x86_64 | 1.0.0 | 2.38 | 27.92 | 30.30 | OK | |
r-release-linux-x86_64 | 1.0.0 | 1.85 | 27.25 | 29.10 | OK | |
r-release-macos-arm64 | 1.0.0 | 18.00 | OK | |||
r-release-macos-x86_64 | 1.0.0 | 31.00 | OK | |||
r-release-windows-x86_64 | 1.0.0 | 3.00 | 45.00 | 48.00 | OK | |
r-oldrel-macos-arm64 | 1.0.0 | 8.00 | ERROR | |||
r-oldrel-macos-x86_64 | 1.0.0 | 24.00 | OK | |||
r-oldrel-windows-x86_64 | 1.0.0 | 4.00 | 49.00 | 53.00 | OK |
Version: 1.0.0
Check: package dependencies
Result: ERROR
Package required but not available: ‘qusage’
See section ‘The DESCRIPTION file’ in the ‘Writing R Extensions’
manual.
Flavor: r-oldrel-macos-arm64