Last updated on 2022-06-28 06:51:52 CEST.
Flavor | Version | Tinstall | Tcheck | Ttotal | Status | Flags |
---|---|---|---|---|---|---|
r-devel-linux-x86_64-debian-clang | 1.0.2 | 36.24 | 80.18 | 116.42 | NOTE | |
r-devel-linux-x86_64-debian-gcc | 1.0.2 | 23.01 | 59.29 | 82.30 | NOTE | |
r-devel-linux-x86_64-fedora-clang | 1.0.2 | 156.83 | NOTE | |||
r-devel-linux-x86_64-fedora-gcc | 1.0.2 | 145.04 | NOTE | |||
r-devel-windows-x86_64 | 1.0.2 | 52.00 | 125.00 | 177.00 | NOTE | |
r-patched-linux-x86_64 | 1.0.2 | 30.39 | 74.34 | 104.73 | NOTE | |
r-release-linux-x86_64 | 1.0.2 | 27.14 | 75.77 | 102.91 | NOTE | |
r-release-macos-arm64 | 1.0.2 | 39.00 | NOTE | |||
r-release-macos-x86_64 | 1.0.2 | 74.00 | NOTE | |||
r-release-windows-x86_64 | 1.0.2 | 45.00 | 120.00 | 165.00 | NOTE | |
r-oldrel-macos-arm64 | 1.0.2 | 48.00 | NOTE | |||
r-oldrel-macos-x86_64 | 1.0.2 | 67.00 | NOTE | |||
r-oldrel-windows-ix86+x86_64 | 1.0.2 | 81.00 | 140.00 | 221.00 | NOTE |
Version: 1.0.2
Check: LazyData
Result: NOTE
'LazyData' is specified without a 'data' directory
Flavors: r-devel-linux-x86_64-debian-clang, r-devel-linux-x86_64-debian-gcc, r-devel-linux-x86_64-fedora-clang, r-devel-linux-x86_64-fedora-gcc, r-devel-windows-x86_64, r-patched-linux-x86_64, r-release-linux-x86_64, r-release-macos-arm64, r-release-macos-x86_64, r-release-windows-x86_64, r-oldrel-macos-arm64, r-oldrel-macos-x86_64, r-oldrel-windows-ix86+x86_64