CRAN Package Check Results for Package m2b

Last updated on 2019-09-20 15:47:05 CEST.

Flavor Version Tinstall Tcheck Ttotal Status Flags
r-devel-linux-x86_64-debian-clang 1.0 5.25 71.41 76.66 OK
r-devel-linux-x86_64-debian-gcc 1.0 4.43 55.95 60.38 OK
r-devel-linux-x86_64-fedora-clang 1.0 95.32 NOTE
r-devel-linux-x86_64-fedora-gcc 1.0 88.36 NOTE
r-devel-windows-ix86+x86_64 1.0 23.00 120.00 143.00 OK
r-patched-linux-x86_64 1.0 4.81 69.37 74.18 OK
r-patched-solaris-x86 1.0 132.70 NOTE
r-release-linux-x86_64 1.0 3.95 69.22 73.17 OK
r-release-windows-ix86+x86_64 1.0 12.00 131.00 143.00 OK
r-release-osx-x86_64 1.0 NOTE
r-oldrel-windows-ix86+x86_64 1.0 7.00 83.00 90.00 OK
r-oldrel-osx-x86_64 1.0 NOTE

Check Details

Version: 1.0
Check: dependencies in R code
Result: NOTE
    Namespaces in Imports field not imported from:
     ‘e1071’ ‘utils’
     All declared Imports should be used.
Flavors: r-devel-linux-x86_64-fedora-clang, r-devel-linux-x86_64-fedora-gcc, r-patched-solaris-x86, r-release-osx-x86_64, r-oldrel-osx-x86_64