CRAN Package Check Results for Package m2b

Last updated on 2020-06-01 06:48:29 CEST.

Flavor Version Tinstall Tcheck Ttotal Status Flags
r-devel-linux-x86_64-debian-clang 1.0 6.19 76.13 82.32 OK
r-devel-linux-x86_64-debian-gcc 1.0 4.71 58.75 63.46 OK
r-devel-linux-x86_64-fedora-clang 1.0 107.33 NOTE
r-devel-linux-x86_64-fedora-gcc 1.0 96.60 NOTE
r-devel-windows-ix86+x86_64 1.0 19.00 140.00 159.00 OK
r-patched-linux-x86_64 1.0 6.40 79.15 85.55 OK
r-patched-solaris-x86 1.0 152.20 NOTE
r-release-linux-x86_64 1.0 5.68 74.77 80.45 OK
r-release-osx-x86_64 1.0 NOTE
r-release-windows-ix86+x86_64 1.0 15.00 177.00 192.00 OK
r-oldrel-osx-x86_64 1.0 NOTE
r-oldrel-windows-ix86+x86_64 1.0 13.00 96.00 109.00 OK

Check Details

Version: 1.0
Check: dependencies in R code
Result: NOTE
    Namespaces in Imports field not imported from:
     ‘e1071’ ‘utils’
     All declared Imports should be used.
Flavors: r-devel-linux-x86_64-fedora-clang, r-devel-linux-x86_64-fedora-gcc, r-patched-solaris-x86, r-release-osx-x86_64, r-oldrel-osx-x86_64