CRAN Package Check Results for Package lvnet

Last updated on 2020-06-03 07:51:18 CEST.

Flavor Version Tinstall Tcheck Ttotal Status Flags
r-devel-linux-x86_64-debian-clang 0.3.5 20.10 145.33 165.43 OK
r-devel-linux-x86_64-debian-gcc 0.3.5 14.90 110.08 124.98 OK
r-devel-linux-x86_64-fedora-clang 0.3.5 206.69 OK
r-devel-linux-x86_64-fedora-gcc 0.3.5 195.51 OK
r-devel-windows-ix86+x86_64 0.3.5 64.00 221.00 285.00 OK
r-patched-linux-x86_64 0.3.5 18.43 139.90 158.33 OK
r-patched-solaris-x86 0.3.5 300.70 ERROR
r-release-linux-x86_64 0.3.5 16.35 139.37 155.72 OK
r-release-osx-x86_64 0.3.5 OK
r-release-windows-ix86+x86_64 0.3.5 42.00 146.00 188.00 OK
r-oldrel-osx-x86_64 0.3.5 OK
r-oldrel-windows-ix86+x86_64 0.3.5 41.00 135.00 176.00 OK

Check Details

Version: 0.3.5
Check: examples
Result: ERROR
    Running examples in ‘lvnet-Ex.R’ failed
    The error most likely occurred in:
    
    > ### Name: lvnet
    > ### Title: Confirmatory Latent Variable Network Models
    > ### Aliases: lvnet
    >
    > ### ** Examples
    >
    > # Load dataset:
    > library("lavaan")
    This is lavaan 0.6-6
    lavaan is BETA software! Please report any bugs.
    
    Attaching package: ‘lavaan’
    
    The following object is masked from ‘package:OpenMx’:
    
     vech
    
    > data(HolzingerSwineford1939)
    > Data <- HolzingerSwineford1939[,7:15]
    >
    > # Measurement model:
    > Lambda <- matrix(0, 9, 3)
    > Lambda[1:3,1] <- NA
    > Lambda[4:6,2] <- NA
    > Lambda[7:9,3] <- NA
    >
    > # Fit CFA model:
    > CFA <- lvnet(Data, lambda = Lambda)
    Error: C stack usage 334140564 is too close to the limit
    Error: The job for model 'model' exited abnormally with the error message: User interrupt
    Execution halted
Flavor: r-patched-solaris-x86