CRAN Package Check Results for Package lvmisc

Last updated on 2021-06-14 01:48:33 CEST.

Flavor Version Tinstall Tcheck Ttotal Status Flags
r-devel-linux-x86_64-debian-clang 0.1.1 4.51 81.74 86.25 OK
r-devel-linux-x86_64-debian-gcc 0.1.1 3.63 60.20 63.83 OK
r-devel-linux-x86_64-fedora-clang 0.1.1 108.41 OK
r-devel-linux-x86_64-fedora-gcc 0.1.1 97.72 OK
r-devel-windows-x86_64 0.1.1 8.00 127.00 135.00 OK
r-devel-windows-x86_64-gcc10-UCRT 0.1.1 NOTE
r-patched-linux-x86_64 0.1.1 4.95 75.98 80.93 OK
r-patched-solaris-x86 0.1.1 141.10 OK
r-release-linux-x86_64 0.1.1 3.44 75.83 79.27 OK
r-release-macos-arm64 0.1.1 OK
r-release-macos-x86_64 0.1.1 OK
r-release-windows-ix86+x86_64 0.1.1 9.00 108.00 117.00 OK
r-oldrel-macos-x86_64 0.1.1 OK
r-oldrel-windows-ix86+x86_64 0.1.1 10.00 84.00 94.00 OK

Check Details

Version: 0.1.1
Check: package dependencies
Result: NOTE
    Package suggested but not available for checking: 'vdiffr'
Flavor: r-devel-windows-x86_64-gcc10-UCRT