CRAN Package Check Results for Package lvmcomp

Last updated on 2021-12-04 22:59:38 CET.

Flavor Version Tinstall Tcheck Ttotal Status Flags
r-devel-linux-x86_64-debian-clang 1.2 83.20 44.80 128.00 OK
r-devel-linux-x86_64-debian-gcc 1.2 57.77 34.44 92.21 OK
r-devel-linux-x86_64-fedora-clang 1.2 187.28 OK
r-devel-linux-x86_64-fedora-gcc 1.2 157.90 OK
r-devel-windows-x86_64-new-UL 1.2 100.00 101.00 201.00 OK
r-devel-windows-x86_64-new-TK 1.2 OK
r-devel-windows-x86_64-old 1.2 105.00 54.00 159.00 OK
r-patched-linux-x86_64 1.2 68.16 34.72 102.88 OK
r-release-linux-x86_64 1.2 70.51 34.38 104.89 OK
r-release-macos-arm64 1.2 NOTE
r-release-macos-x86_64 1.2 OK
r-release-windows-ix86+x86_64 1.2 205.00 100.00 305.00 OK
r-oldrel-macos-x86_64 1.2 OK
r-oldrel-windows-ix86+x86_64 1.2 200.00 98.00 298.00 OK

Check Details

Version: 1.2
Check: installed package size
Result: NOTE
     installed size is 5.3Mb
     sub-directories of 1Mb or more:
     libs 5.2Mb
Flavor: r-release-macos-arm64