CRAN Package Check Results for Package luzlogr

Last updated on 2019-07-21 07:49:13 CEST.

Flavor Version Tinstall Tcheck Ttotal Status Flags
r-devel-linux-x86_64-debian-clang 0.2.0 1.53 20.88 22.41 NOTE
r-devel-linux-x86_64-debian-gcc 0.2.0 1.29 17.25 18.54 NOTE
r-devel-linux-x86_64-fedora-clang 0.2.0 30.63 NOTE
r-devel-linux-x86_64-fedora-gcc 0.2.0 28.15 NOTE
r-devel-windows-ix86+x86_64 0.2.0 4.00 44.00 48.00 OK
r-patched-linux-x86_64 0.2.0 1.40 20.87 22.27 OK
r-patched-solaris-x86 0.2.0 50.30 OK
r-release-linux-x86_64 0.2.0 1.61 21.15 22.76 OK
r-release-windows-ix86+x86_64 0.2.0 4.00 32.00 36.00 OK
r-release-osx-x86_64 0.2.0 OK
r-oldrel-windows-ix86+x86_64 0.2.0 4.00 39.00 43.00 OK
r-oldrel-osx-x86_64 0.2.0 OK

Check Details

Version: 0.2.0
Check: for non-standard things in the check directory
Result: NOTE
    Found the following files/directories:
     'test'
Flavors: r-devel-linux-x86_64-debian-clang, r-devel-linux-x86_64-debian-gcc, r-devel-linux-x86_64-fedora-clang, r-devel-linux-x86_64-fedora-gcc