CRAN Package Check Results for Package lutz

Last updated on 2023-03-30 12:55:14 CEST.

Flavor Version Tinstall Tcheck Ttotal Status Flags
r-devel-linux-x86_64-debian-clang 0.3.1 27.31 92.33 119.64 NOTE
r-devel-linux-x86_64-debian-gcc 0.3.1 20.17 70.71 90.88 NOTE
r-devel-linux-x86_64-fedora-clang 0.3.1 157.31 NOTE
r-devel-linux-x86_64-fedora-gcc 0.3.1 151.31 NOTE
r-devel-windows-x86_64 0.3.1 42.00 0.00 42.00 NOTE
r-patched-linux-x86_64 0.3.1 22.41 89.41 111.82 NOTE
r-release-linux-x86_64 0.3.1 23.13 90.66 113.79 NOTE
r-release-macos-arm64 0.3.1 50.00 NOTE
r-release-macos-x86_64 0.3.1 78.00 NOTE
r-release-windows-x86_64 0.3.1 41.00 158.00 199.00 NOTE
r-oldrel-macos-arm64 0.3.1 57.00 NOTE
r-oldrel-macos-x86_64 0.3.1 65.00 NOTE
r-oldrel-windows-ix86+x86_64 0.3.1 58.00 231.00 289.00 NOTE

Check Details

Version: 0.3.1
Check: C++ specification
Result: NOTE
     Specified C++11: please drop specification unless essential
Flavors: r-devel-linux-x86_64-debian-clang, r-devel-linux-x86_64-debian-gcc, r-devel-linux-x86_64-fedora-clang, r-devel-linux-x86_64-fedora-gcc, r-devel-windows-x86_64, r-patched-linux-x86_64

Version: 0.3.1
Check: LazyData
Result: NOTE
     'LazyData' is specified without a 'data' directory
Flavors: r-devel-linux-x86_64-debian-clang, r-devel-linux-x86_64-debian-gcc, r-devel-linux-x86_64-fedora-clang, r-devel-linux-x86_64-fedora-gcc, r-devel-windows-x86_64, r-patched-linux-x86_64, r-release-linux-x86_64, r-release-macos-arm64, r-release-macos-x86_64, r-release-windows-x86_64, r-oldrel-macos-arm64, r-oldrel-macos-x86_64, r-oldrel-windows-ix86+x86_64

Version: 0.3.1
Check: installed package size
Result: NOTE
     installed size is 5.3Mb
     sub-directories of 1Mb or more:
     R 4.0Mb
     libs 1.1Mb
Flavors: r-devel-windows-x86_64, r-release-macos-arm64, r-release-macos-x86_64, r-release-windows-x86_64, r-oldrel-macos-arm64, r-oldrel-macos-x86_64, r-oldrel-windows-ix86+x86_64