CRAN Package Check Results for Package lutz

Last updated on 2024-03-05 04:57:42 CET.

Flavor Version Tinstall Tcheck Ttotal Status Flags
r-devel-linux-x86_64-debian-clang 0.3.2 28.08 91.29 119.37 OK
r-devel-linux-x86_64-debian-gcc 0.3.2 22.51 71.01 93.52 OK
r-devel-linux-x86_64-fedora-clang 0.3.2 164.73 OK
r-devel-linux-x86_64-fedora-gcc 0.3.2 153.37 OK
r-devel-windows-x86_64 0.3.2 28.00 119.00 147.00 NOTE
r-patched-linux-x86_64 0.3.2 26.29 89.50 115.79 OK
r-release-linux-x86_64 0.3.2 23.85 89.98 113.83 OK
r-release-macos-arm64 0.3.2 56.00 NOTE
r-release-macos-x86_64 0.3.2 139.00 NOTE
r-release-windows-x86_64 0.3.2 33.00 134.00 167.00 NOTE
r-oldrel-macos-arm64 0.3.2 56.00 NOTE
r-oldrel-windows-x86_64 0.3.2 30.00 138.00 168.00 NOTE

Check Details

Version: 0.3.2
Check: installed package size
Result: NOTE installed size is 5.3Mb sub-directories of 1Mb or more: R 4.0Mb libs 1.1Mb Flavors: r-devel-windows-x86_64, r-release-macos-arm64, r-release-macos-x86_64, r-release-windows-x86_64, r-oldrel-macos-arm64, r-oldrel-windows-x86_64