CRAN Package Check Results for Package lue

Last updated on 2023-12-11 18:53:33 CET.

Flavor Version Tinstall Tcheck Ttotal Status Flags
r-devel-linux-x86_64-debian-clang 0.2.1 1.99 45.01 47.00 OK
r-devel-linux-x86_64-debian-gcc 0.2.1 1.85 33.76 35.61 OK
r-devel-linux-x86_64-fedora-clang 0.2.1 55.64 NOTE
r-devel-linux-x86_64-fedora-gcc 0.2.1 60.70 NOTE
r-devel-windows-x86_64 0.2.1 3.00 53.00 56.00 OK
r-patched-linux-x86_64 0.2.1 1.79 40.82 42.61 OK
r-release-linux-x86_64 0.2.1 2.23 43.32 45.55 OK
r-release-macos-arm64 0.2.1 22.00 OK
r-release-macos-x86_64 0.2.1 32.00 OK
r-release-windows-x86_64 0.2.1 4.00 60.00 64.00 OK
r-oldrel-macos-arm64 0.2.1 22.00 OK
r-oldrel-macos-x86_64 0.2.1 28.00 NOTE
r-oldrel-windows-x86_64 0.2.1 4.00 60.00 64.00 OK

Check Details

Version: 0.2.1
Check: dependencies in R code
Result: NOTE Namespaces in Imports field not imported from: ‘ncdf4’ ‘raster’ All declared Imports should be used. Flavors: r-devel-linux-x86_64-fedora-clang, r-devel-linux-x86_64-fedora-gcc, r-oldrel-macos-x86_64