CRAN Package Check Results for Package ludic

Last updated on 2023-06-03 10:53:01 CEST.

Flavor Version Tinstall Tcheck Ttotal Status Flags
r-devel-linux-x86_64-debian-clang 0.2.0 108.58 138.17 246.75 NOTE
r-devel-linux-x86_64-debian-gcc 0.2.0 80.13 108.54 188.67 NOTE
r-devel-linux-x86_64-fedora-clang 0.2.0 332.03 NOTE
r-devel-linux-x86_64-fedora-gcc 0.2.0 337.70 NOTE
r-devel-windows-x86_64 0.2.0 82.00 135.00 217.00 NOTE
r-patched-linux-x86_64 0.2.0 NOTE
r-release-linux-x86_64 0.2.0 86.80 133.08 219.88 NOTE
r-release-macos-arm64 0.2.0 83.00 NOTE
r-release-macos-x86_64 0.2.0 155.00 NOTE
r-release-windows-x86_64 0.2.0 100.00 165.00 265.00 NOTE
r-oldrel-macos-arm64 0.2.0 75.00 NOTE
r-oldrel-macos-x86_64 0.2.0 109.00 NOTE
r-oldrel-windows-x86_64 0.2.0 100.00 152.00 252.00 OK

Check Details

Version: 0.2.0
Check: C++ specification
Result: NOTE
     Specified C++11: please drop specification unless essential
Flavors: r-devel-linux-x86_64-debian-clang, r-devel-linux-x86_64-debian-gcc, r-devel-linux-x86_64-fedora-clang, r-devel-linux-x86_64-fedora-gcc, r-devel-windows-x86_64, r-patched-linux-x86_64, r-release-linux-x86_64, r-release-macos-arm64, r-release-macos-x86_64, r-release-windows-x86_64

Version: 0.2.0
Check: installed package size
Result: NOTE
     installed size is 6.2Mb
     sub-directories of 1Mb or more:
     data 2.1Mb
     libs 3.9Mb
Flavors: r-release-macos-arm64, r-release-macos-x86_64, r-oldrel-macos-arm64, r-oldrel-macos-x86_64