CRAN Package Check Results for Package lucid

Last updated on 2022-09-29 02:49:44 CEST.

Flavor Version Tinstall Tcheck Ttotal Status Flags
r-devel-linux-x86_64-debian-clang 1.8 2.68 42.35 45.03 OK
r-devel-linux-x86_64-debian-gcc 1.8 1.20 33.56 34.76 OK
r-devel-linux-x86_64-fedora-clang 1.8 68.23 OK
r-devel-linux-x86_64-fedora-gcc 1.8 65.19 OK
r-devel-windows-x86_64 1.8 14.00 76.00 90.00 OK
r-patched-linux-x86_64 1.8 2.63 41.82 44.45 OK
r-release-linux-x86_64 1.8 2.22 41.25 43.47 OK
r-release-macos-arm64 1.8 26.00 OK
r-release-macos-x86_64 1.8 37.00 OK
r-release-windows-x86_64 1.8 9.00 73.00 82.00 OK
r-oldrel-macos-arm64 1.8 21.00 OK
r-oldrel-macos-x86_64 1.8 40.00 OK
r-oldrel-windows-ix86+x86_64 1.8 6.00 81.00 87.00 WARN

Check Details

Version: 1.8
Check: for unstated dependencies in ‘tests’
Result: WARN
    Warning: unable to access index for repository https://bioconductor.org/packages/3.14/bioc/src/contrib:
     cannot open URL 'https://bioconductor.org/packages/3.14/bioc/src/contrib/PACKAGES'
    Warning: unable to access index for repository https://bioconductor.org/packages/3.14/data/annotation/src/contrib:
     cannot open URL 'https://bioconductor.org/packages/3.14/data/annotation/src/contrib/PACKAGES'
    Warning: unable to access index for repository https://bioconductor.org/packages/3.14/data/experiment/src/contrib:
     cannot open URL 'https://bioconductor.org/packages/3.14/data/experiment/src/contrib/PACKAGES'
Flavor: r-oldrel-windows-ix86+x86_64