Last updated on 2021-04-18 08:51:52 CEST.
Flavor | Version | Tinstall | Tcheck | Ttotal | Status | Flags |
---|---|---|---|---|---|---|
r-devel-linux-x86_64-debian-clang | 1.7.10 | 45.51 | 96.72 | 142.23 | OK | |
r-devel-linux-x86_64-debian-gcc | 1.7.10 | 28.38 | 71.62 | 100.00 | OK | |
r-devel-linux-x86_64-fedora-clang | 1.7.10 | 186.62 | OK | |||
r-devel-linux-x86_64-fedora-gcc | 1.7.10 | 167.13 | OK | |||
r-devel-windows-ix86+x86_64 | 1.7.10 | 99.00 | 5.00 | 104.00 | ERROR | |
r-devel-windows-x86_64-gcc10-UCRT | 1.7.10 | OK | ||||
r-patched-linux-x86_64 | 1.7.10 | 35.94 | 90.78 | 126.72 | OK | |
r-patched-solaris-x86 | 1.7.10 | 192.60 | OK | |||
r-release-linux-x86_64 | 1.7.10 | 37.29 | 90.75 | 128.04 | OK | |
r-release-macos-x86_64 | 1.7.10 | OK | ||||
r-release-windows-ix86+x86_64 | 1.7.10 | 82.00 | 189.00 | 271.00 | OK | |
r-oldrel-macos-x86_64 | 1.7.10 | OK | ||||
r-oldrel-windows-ix86+x86_64 | 1.7.10 | 70.00 | 173.00 | 243.00 | OK |
Version: 1.7.10
Check: whether package can be installed
Result: ERROR
See
Flavor: r-devel-windows-ix86+x86_64