CRAN Package Check Results for Package lubridate

Last updated on 2020-10-21 15:47:53 CEST.

Flavor Version Tinstall Tcheck Ttotal Status Flags
r-devel-linux-x86_64-debian-clang 1.7.9 37.62 91.49 129.11 WARN
r-devel-linux-x86_64-debian-gcc 1.7.9 29.93 66.73 96.66 OK
r-devel-linux-x86_64-fedora-clang 1.7.9 174.85 WARN
r-devel-linux-x86_64-fedora-gcc 1.7.9 158.92 OK
r-devel-windows-ix86+x86_64 1.7.9 94.00 183.00 277.00 OK
r-patched-linux-x86_64 1.7.9 39.85 84.81 124.66 OK
r-patched-solaris-x86 1.7.9 180.50 OK
r-release-linux-x86_64 1.7.9 37.24 84.91 122.15 OK
r-release-macos-x86_64 1.7.9 OK
r-release-windows-ix86+x86_64 1.7.9 79.00 140.00 219.00 OK
r-oldrel-macos-x86_64 1.7.9 OK
r-oldrel-windows-ix86+x86_64 1.7.9 88.00 169.00 257.00 OK

Check Details

Version: 1.7.9
Check: whether package can be installed
Result: WARN
    Found the following significant warnings:
     ./cctz/src/time_zone_posix.h:72:7: warning: anonymous types declared in an anonymous union are an extension [-Wnested-anon-types]
     ./cctz/src/time_zone_posix.h:75:7: warning: anonymous types declared in an anonymous union are an extension [-Wnested-anon-types]
     ./cctz/src/time_zone_posix.h:78:7: warning: anonymous types declared in an anonymous union are an extension [-Wnested-anon-types]
Flavors: r-devel-linux-x86_64-debian-clang, r-devel-linux-x86_64-fedora-clang