Last updated on 2023-06-07 23:40:39 CEST.
Flavor | Version | Tinstall | Tcheck | Ttotal | Status | Flags |
---|---|---|---|---|---|---|
r-devel-linux-x86_64-debian-clang | 1.1.0 | 3.13 | 45.02 | 48.15 | OK | |
r-devel-linux-x86_64-debian-gcc | 1.1.0 | 2.47 | 35.12 | 37.59 | OK | |
r-devel-linux-x86_64-fedora-clang | 1.1.0 | 59.36 | NOTE | |||
r-devel-linux-x86_64-fedora-gcc | 1.1.0 | 67.59 | NOTE | |||
r-devel-windows-x86_64 | 1.1.0 | 5.00 | 59.00 | 64.00 | OK | |
r-patched-linux-x86_64 | 1.1.0 | 2.11 | 43.25 | 45.36 | OK | |
r-release-linux-x86_64 | 1.1.0 | 2.01 | 43.95 | 45.96 | OK | |
r-release-macos-arm64 | 1.1.0 | 32.00 | OK | |||
r-release-macos-x86_64 | 1.1.0 | 38.00 | OK | |||
r-release-windows-x86_64 | 1.1.0 | 6.00 | 63.00 | 69.00 | OK | |
r-oldrel-macos-arm64 | 1.1.0 | 26.00 | OK | |||
r-oldrel-macos-x86_64 | 1.1.0 | 36.00 | OK | |||
r-oldrel-windows-x86_64 | 1.1.0 | 6.00 | 66.00 | 72.00 | OK |
Version: 1.1.0
Check: data for non-ASCII characters
Result: NOTE
Note: found 1 marked UTF-8 string
Flavors: r-devel-linux-x86_64-fedora-clang, r-devel-linux-x86_64-fedora-gcc