CRAN Package Check Results for Package lsa

Last updated on 2020-06-04 14:47:37 CEST.

Flavor Version Tinstall Tcheck Ttotal Status Flags
r-devel-linux-x86_64-debian-clang 0.73.2 3.16 33.14 36.30 OK
r-devel-linux-x86_64-debian-gcc 0.73.2 2.81 27.17 29.98 OK
r-devel-linux-x86_64-fedora-clang 0.73.2 54.85 NOTE
r-devel-linux-x86_64-fedora-gcc 0.73.2 45.14 NOTE
r-devel-windows-ix86+x86_64 0.73.2 8.00 70.00 78.00 OK
r-patched-linux-x86_64 0.73.2 3.06 33.12 36.18 OK
r-patched-solaris-x86 0.73.2 70.70 NOTE
r-release-linux-x86_64 0.73.2 3.42 33.43 36.85 OK
r-release-osx-x86_64 0.73.2 NOTE
r-release-windows-ix86+x86_64 0.73.2 7.00 79.00 86.00 OK
r-oldrel-osx-x86_64 0.73.2 NOTE
r-oldrel-windows-ix86+x86_64 0.73.2 17.00 47.00 64.00 OK

Check Details

Version: 0.73.2
Check: data for non-ASCII characters
Result: NOTE
     Note: found 143 marked Latin-1 strings
     Note: found 833 marked UTF-8 strings
Flavors: r-devel-linux-x86_64-fedora-clang, r-devel-linux-x86_64-fedora-gcc, r-patched-solaris-x86, r-release-osx-x86_64, r-oldrel-osx-x86_64