CRAN Package Check Results for Package lrequire

Last updated on 2024-04-21 23:50:45 CEST.

Flavor Version Tinstall Tcheck Ttotal Status Flags
r-devel-linux-x86_64-debian-clang 0.1.3 2.14 23.67 25.81 NOTE
r-devel-linux-x86_64-debian-gcc 0.1.3 1.75 18.22 19.97 NOTE
r-devel-linux-x86_64-fedora-clang 0.1.3 32.32 NOTE
r-devel-linux-x86_64-fedora-gcc 0.1.3 30.87 NOTE
r-prerel-macos-arm64 0.1.3 16.00 NOTE
r-prerel-windows-x86_64 0.1.3 2.00 43.00 45.00 NOTE
r-patched-linux-x86_64 0.1.3 1.51 22.76 24.27 NOTE
r-release-linux-x86_64 0.1.3 1.74 22.88 24.62 NOTE
r-release-macos-arm64 0.1.3 16.00 NOTE
r-release-macos-x86_64 0.1.3 21.00 NOTE
r-release-windows-x86_64 0.1.3 3.00 42.00 45.00 NOTE
r-oldrel-macos-arm64 0.1.3 17.00 NOTE
r-oldrel-windows-x86_64 0.1.3 3.00 47.00 50.00 NOTE

Check Details

Version: 0.1.3
Check: LazyData
Result: NOTE 'LazyData' is specified without a 'data' directory Flavors: r-devel-linux-x86_64-debian-clang, r-devel-linux-x86_64-debian-gcc, r-devel-linux-x86_64-fedora-clang, r-devel-linux-x86_64-fedora-gcc, r-prerel-macos-arm64, r-prerel-windows-x86_64, r-patched-linux-x86_64, r-release-linux-x86_64, r-release-macos-arm64, r-release-macos-x86_64, r-release-windows-x86_64, r-oldrel-macos-arm64, r-oldrel-windows-x86_64