CRAN Package Check Results for Package lrequire

Last updated on 2023-06-02 07:55:26 CEST.

Flavor Version Tinstall Tcheck Ttotal Status Flags
r-devel-linux-x86_64-debian-clang 0.1.3 1.41 22.81 24.22 NOTE
r-devel-linux-x86_64-debian-gcc 0.1.3 1.67 18.22 19.89 NOTE
r-devel-linux-x86_64-fedora-clang 0.1.3 32.06 NOTE
r-devel-linux-x86_64-fedora-gcc 0.1.3 29.97 NOTE
r-devel-windows-x86_64 0.1.3 3.00 43.00 46.00 NOTE
r-patched-linux-x86_64 0.1.3 NOTE
r-release-linux-x86_64 0.1.3 1.96 22.58 24.54 NOTE
r-release-macos-arm64 0.1.3 16.00 NOTE
r-release-macos-x86_64 0.1.3 21.00 NOTE
r-release-windows-x86_64 0.1.3 2.00 43.00 45.00 NOTE
r-oldrel-macos-arm64 0.1.3 17.00 NOTE
r-oldrel-macos-x86_64 0.1.3 21.00 NOTE
r-oldrel-windows-x86_64 0.1.3 3.00 45.00 48.00 NOTE

Check Details

Version: 0.1.3
Check: LazyData
Result: NOTE
     'LazyData' is specified without a 'data' directory
Flavors: r-devel-linux-x86_64-debian-clang, r-devel-linux-x86_64-debian-gcc, r-devel-linux-x86_64-fedora-clang, r-devel-linux-x86_64-fedora-gcc, r-devel-windows-x86_64, r-patched-linux-x86_64, r-release-linux-x86_64, r-release-macos-arm64, r-release-macos-x86_64, r-release-windows-x86_64, r-oldrel-macos-arm64, r-oldrel-macos-x86_64, r-oldrel-windows-x86_64