CRAN Package Check Results for Package lrd

Last updated on 2024-04-19 07:56:46 CEST.

Flavor Version Tinstall Tcheck Ttotal Status Flags
r-devel-linux-x86_64-debian-clang 0.1.0 2.37 54.91 57.28 OK
r-devel-linux-x86_64-debian-gcc 0.1.0 OK
r-devel-linux-x86_64-fedora-clang 0.1.0 73.12 NOTE
r-devel-linux-x86_64-fedora-gcc 0.1.0 82.89 NOTE
r-prerel-macos-arm64 0.1.0 32.00 OK
r-prerel-windows-x86_64 0.1.0 4.00 64.00 68.00 OK
r-patched-linux-x86_64 0.1.0 4.53 52.13 56.66 OK
r-release-linux-x86_64 0.1.0 3.75 49.94 53.69 OK
r-release-macos-arm64 0.1.0 34.00 OK
r-release-macos-x86_64 0.1.0 49.00 OK
r-release-windows-x86_64 0.1.0 5.00 67.00 72.00 OK
r-oldrel-macos-arm64 0.1.0 26.00 NOTE
r-oldrel-windows-x86_64 0.1.0 5.00 70.00 75.00 OK

Check Details

Version: 0.1.0
Check: dependencies in R code
Result: NOTE Namespace in Imports field not imported from: ‘knitr’ All declared Imports should be used. Flavors: r-devel-linux-x86_64-fedora-clang, r-devel-linux-x86_64-fedora-gcc, r-oldrel-macos-arm64