CRAN Package Check Results for Package lpridge

Last updated on 2023-01-27 17:50:19 CET.

Flavor Version Tinstall Tcheck Ttotal Status Flags
r-devel-linux-x86_64-debian-clang 1.0-8 4.43 22.59 27.02 NOTE
r-devel-linux-x86_64-debian-gcc 1.0-8 3.20 18.07 21.27 NOTE
r-devel-linux-x86_64-fedora-clang 1.0-8 35.10 NOTE
r-devel-linux-x86_64-fedora-gcc 1.0-8 33.67 NOTE
r-devel-windows-x86_64 1.0-8 16.00 48.00 64.00 NOTE
r-patched-linux-x86_64 1.0-8 3.70 22.52 26.22 OK
r-release-linux-x86_64 1.0-8 3.52 22.25 25.77 OK
r-release-macos-arm64 1.0-8 18.00 OK
r-release-macos-x86_64 1.0-8 22.00 OK
r-release-windows-x86_64 1.0-8 11.00 47.00 58.00 OK
r-oldrel-macos-arm64 1.0-8 17.00 OK
r-oldrel-macos-x86_64 1.0-8 29.00 OK
r-oldrel-windows-ix86+x86_64 1.0-8 15.00 35.00 50.00 OK

Check Details

Version: 1.0-8
Check: Rd files
Result: NOTE
    checkRd: (-1) lpepa.Rd:32: Escaped LaTeX specials: \&
    checkRd: (-1) lpepa.Rd:51: Escaped LaTeX specials: \&
    checkRd: (-1) lpepa.Rd:52: Escaped LaTeX specials: \&
    checkRd: (-1) lpepa.Rd:57: Escaped LaTeX specials: \&
    checkRd: (-1) lpepa.Rd:90: Escaped LaTeX specials: \&
    checkRd: (-1) lpridge.Rd:34: Escaped LaTeX specials: \&
    checkRd: (-1) lpridge.Rd:61: Escaped LaTeX specials: \&
    checkRd: (-1) lpridge.Rd:65: Escaped LaTeX specials: \&
Flavors: r-devel-linux-x86_64-debian-clang, r-devel-linux-x86_64-debian-gcc, r-devel-linux-x86_64-fedora-clang, r-devel-linux-x86_64-fedora-gcc, r-devel-windows-x86_64