CRAN Package Check Results for Package lpme

Last updated on 2020-06-03 08:50:05 CEST.

Flavor Version Tinstall Tcheck Ttotal Status Flags
r-devel-linux-x86_64-debian-clang 1.1.1 151.56 44.83 196.39 OK
r-devel-linux-x86_64-debian-gcc 1.1.1 115.39 33.76 149.15 OK
r-devel-linux-x86_64-fedora-clang 1.1.1 275.37 NOTE
r-devel-linux-x86_64-fedora-gcc 1.1.1 258.42 OK
r-devel-windows-ix86+x86_64 1.1.1 358.00 130.00 488.00 OK
r-patched-linux-x86_64 1.1.1 122.23 44.22 166.45 OK
r-patched-solaris-x86 1.1.1 230.70 OK
r-release-linux-x86_64 1.1.1 121.38 44.11 165.49 OK
r-release-osx-x86_64 1.1.1 NOTE
r-release-windows-ix86+x86_64 1.1.1 259.00 123.00 382.00 OK
r-oldrel-osx-x86_64 1.1.1 OK
r-oldrel-windows-ix86+x86_64 1.1.1 281.00 92.00 373.00 OK

Check Details

Version: 1.1.1
Check: installed package size
Result: NOTE
     installed size is 7.6Mb
     sub-directories of 1Mb or more:
     libs 7.5Mb
Flavors: r-devel-linux-x86_64-fedora-clang, r-release-osx-x86_64