CRAN Package Check Results for Package lpme

Last updated on 2021-12-05 23:52:18 CET.

Flavor Version Tinstall Tcheck Ttotal Status Flags
r-devel-linux-x86_64-debian-clang 1.1.2 150.18 51.63 201.81 OK
r-devel-linux-x86_64-debian-gcc 1.1.2 100.60 39.46 140.06 OK
r-devel-linux-x86_64-fedora-clang 1.1.2 302.53 NOTE
r-devel-linux-x86_64-fedora-gcc 1.1.2 260.70 OK
r-devel-windows-x86_64-new-UL 1.1.2 178.00 104.00 282.00 OK
r-devel-windows-x86_64-new-TK 1.1.2 OK
r-devel-windows-x86_64-old 1.1.2 184.00 61.00 245.00 OK
r-patched-linux-x86_64 1.1.2 121.55 41.97 163.52 OK
r-release-linux-x86_64 1.1.2 124.88 50.27 175.15 OK
r-release-macos-arm64 1.1.2 NOTE
r-release-macos-x86_64 1.1.2 NOTE
r-release-windows-ix86+x86_64 1.1.2 358.00 107.00 465.00 OK
r-oldrel-macos-x86_64 1.1.2 NOTE
r-oldrel-windows-ix86+x86_64 1.1.2 351.00 104.00 455.00 OK

Check Details

Version: 1.1.2
Check: installed package size
Result: NOTE
     installed size is 6.4Mb
     sub-directories of 1Mb or more:
     libs 6.2Mb
Flavors: r-devel-linux-x86_64-fedora-clang, r-release-macos-arm64, r-release-macos-x86_64, r-oldrel-macos-x86_64