CRAN Package Check Results for Package lowmemtkmeans

Last updated on 2019-06-16 13:46:35 CEST.

Flavor Version Tinstall Tcheck Ttotal Status Flags
r-devel-linux-x86_64-debian-clang 0.1.2 23.59 22.75 46.34 OK
r-devel-linux-x86_64-debian-gcc 0.1.2 21.11 18.75 39.86 OK
r-devel-linux-x86_64-fedora-clang 0.1.2 72.72 NOTE
r-devel-linux-x86_64-fedora-gcc 0.1.2 66.64 NOTE
r-devel-windows-ix86+x86_64 0.1.2 78.00 57.00 135.00 OK
r-patched-linux-x86_64 0.1.2 27.64 23.27 50.91 OK
r-patched-solaris-x86 0.1.2 78.50 OK
r-release-linux-x86_64 0.1.2 25.41 23.01 48.42 OK
r-release-windows-ix86+x86_64 0.1.2 57.00 73.00 130.00 OK
r-release-osx-x86_64 0.1.2 OK
r-oldrel-windows-ix86+x86_64 0.1.2 52.00 75.00 127.00 OK
r-oldrel-osx-x86_64 0.1.2 OK

Check Details

Version: 0.1.2
Check: compiled code
Result: NOTE
    File ‘lowmemtkmeans/libs/lowmemtkmeans.so’:
     Found no calls to: ‘R_registerRoutines’, ‘R_useDynamicSymbols’
    
    It is good practice to register native routines and to disable symbol
    search.
    
    See ‘Writing portable packages’ in the ‘Writing R Extensions’ manual.
Flavors: r-devel-linux-x86_64-fedora-clang, r-devel-linux-x86_64-fedora-gcc