CRAN Package Check Results for Package lowmemtkmeans

Last updated on 2021-06-23 03:50:38 CEST.

Flavor Version Tinstall Tcheck Ttotal Status Flags
r-devel-linux-x86_64-debian-clang 0.1.2 38.95 28.60 67.55 NOTE
r-devel-linux-x86_64-debian-gcc 0.1.2 24.79 22.56 47.35 NOTE
r-devel-linux-x86_64-fedora-clang 0.1.2 96.22 NOTE
r-devel-linux-x86_64-fedora-gcc 0.1.2 82.72 NOTE
r-devel-windows-x86_64 0.1.2 40.00 42.00 82.00 NOTE
r-devel-windows-x86_64-gcc10-UCRT 0.1.2 NOTE
r-patched-linux-x86_64 0.1.2 28.53 27.60 56.13 NOTE
r-patched-solaris-x86 0.1.2 87.20 NOTE
r-release-linux-x86_64 0.1.2 28.48 27.52 56.00 NOTE
r-release-macos-arm64 0.1.2 NOTE
r-release-macos-x86_64 0.1.2 NOTE
r-release-windows-ix86+x86_64 0.1.2 81.00 58.00 139.00 NOTE
r-oldrel-macos-x86_64 0.1.2 OK

Check Details

Version: 0.1.2
Check: LazyData
Result: NOTE
     'LazyData' is specified without a 'data' directory
Flavors: r-devel-linux-x86_64-debian-clang, r-devel-linux-x86_64-debian-gcc, r-devel-linux-x86_64-fedora-clang, r-devel-linux-x86_64-fedora-gcc, r-devel-windows-x86_64, r-devel-windows-x86_64-gcc10-UCRT, r-patched-linux-x86_64, r-patched-solaris-x86, r-release-linux-x86_64, r-release-macos-arm64, r-release-macos-x86_64, r-release-windows-ix86+x86_64

Version: 0.1.2
Check: compiled code
Result: NOTE
    File ‘lowmemtkmeans/libs/lowmemtkmeans.so’:
     Found no calls to: ‘R_registerRoutines’, ‘R_useDynamicSymbols’
    
    It is good practice to register native routines and to disable symbol
    search.
    
    See ‘Writing portable packages’ in the ‘Writing R Extensions’ manual.
Flavors: r-devel-linux-x86_64-fedora-clang, r-devel-linux-x86_64-fedora-gcc