CRAN Package Check Results for Package lorec

Last updated on 2024-07-15 00:49:48 CEST.

Flavor Version Tinstall Tcheck Ttotal Status Flags
r-devel-linux-x86_64-debian-clang 0.6.1 2.75 19.64 22.39 NOTE
r-devel-linux-x86_64-debian-gcc 0.6.1 2.27 15.76 18.03 NOTE
r-devel-linux-x86_64-fedora-clang 0.6.1 32.67 NOTE
r-devel-linux-x86_64-fedora-gcc 0.6.1 29.86 NOTE
r-devel-windows-x86_64 0.6.1 5.00 44.00 49.00 NOTE
r-patched-linux-x86_64 0.6.1 2.54 19.63 22.17 NOTE
r-release-linux-x86_64 0.6.1 3.03 19.68 22.71 NOTE
r-release-macos-arm64 0.6.1 15.00 NOTE
r-release-macos-x86_64 0.6.1 21.00 NOTE
r-release-windows-x86_64 0.6.1 5.00 43.00 48.00 NOTE
r-oldrel-macos-arm64 0.6.1 17.00 NOTE
r-oldrel-macos-x86_64 0.6.1 21.00 NOTE
r-oldrel-windows-x86_64 0.6.1 5.00 43.00 48.00 NOTE

Check Details

Version: 0.6.1
Check: package dependencies
Result: NOTE Package suggested but not available for checking: ‘scio’ Flavors: r-devel-linux-x86_64-debian-clang, r-devel-linux-x86_64-debian-gcc, r-devel-linux-x86_64-fedora-clang, r-devel-linux-x86_64-fedora-gcc, r-devel-windows-x86_64, r-patched-linux-x86_64, r-release-linux-x86_64, r-release-macos-arm64, r-release-macos-x86_64, r-release-windows-x86_64, r-oldrel-macos-arm64, r-oldrel-macos-x86_64, r-oldrel-windows-x86_64

Version: 0.6.1
Check: DESCRIPTION meta-information
Result: NOTE Malformed Description field: should contain one or more complete sentences. Flavors: r-devel-linux-x86_64-debian-clang, r-devel-linux-x86_64-debian-gcc, r-devel-linux-x86_64-fedora-clang, r-devel-linux-x86_64-fedora-gcc, r-devel-windows-x86_64, r-patched-linux-x86_64, r-release-linux-x86_64, r-release-macos-arm64, r-release-macos-x86_64, r-release-windows-x86_64, r-oldrel-macos-arm64, r-oldrel-macos-x86_64, r-oldrel-windows-x86_64

Version: 0.6.1
Check: compiled code
Result: NOTE File ‘lorec/libs/lorec.so’: Found no calls to: ‘R_registerRoutines’, ‘R_useDynamicSymbols’ It is good practice to register native routines and to disable symbol search. See ‘Writing portable packages’ in the ‘Writing R Extensions’ manual. Flavors: r-devel-linux-x86_64-fedora-clang, r-devel-linux-x86_64-fedora-gcc