Last updated on 2023-10-01 16:56:03 CEST.
Flavor | Version | Tinstall | Tcheck | Ttotal | Status | Flags |
---|---|---|---|---|---|---|
r-devel-linux-x86_64-debian-clang | 0.6.1 | 2.66 | 19.70 | 22.36 | NOTE | |
r-devel-linux-x86_64-debian-gcc | 0.6.1 | 2.28 | 15.77 | 18.05 | NOTE | |
r-devel-linux-x86_64-fedora-clang | 0.6.1 | 31.96 | NOTE | |||
r-devel-linux-x86_64-fedora-gcc | 0.6.1 | 30.56 | NOTE | |||
r-devel-windows-x86_64 | 0.6.1 | 6.00 | 44.00 | 50.00 | NOTE | |
r-patched-linux-x86_64 | 0.6.1 | 2.44 | 19.47 | 21.91 | NOTE | |
r-release-linux-x86_64 | 0.6.1 | 2.81 | 19.61 | 22.42 | NOTE | |
r-release-macos-arm64 | 0.6.1 | 17.00 | NOTE | |||
r-release-macos-x86_64 | 0.6.1 | 21.00 | NOTE | |||
r-release-windows-x86_64 | 0.6.1 | 6.00 | 42.00 | 48.00 | NOTE | |
r-oldrel-macos-arm64 | 0.6.1 | 17.00 | NOTE | |||
r-oldrel-macos-x86_64 | 0.6.1 | 20.00 | NOTE | |||
r-oldrel-windows-x86_64 | 0.6.1 | 7.00 | 44.00 | 51.00 | NOTE |
Version: 0.6.1
Check: package dependencies
Result: NOTE
Package suggested but not available for checking: ‘scio’
Flavors: r-devel-linux-x86_64-debian-clang, r-devel-linux-x86_64-debian-gcc, r-devel-linux-x86_64-fedora-clang, r-devel-linux-x86_64-fedora-gcc, r-devel-windows-x86_64, r-patched-linux-x86_64, r-release-linux-x86_64, r-release-macos-arm64, r-release-macos-x86_64, r-release-windows-x86_64, r-oldrel-macos-arm64, r-oldrel-macos-x86_64, r-oldrel-windows-x86_64
Version: 0.6.1
Check: DESCRIPTION meta-information
Result: NOTE
Malformed Description field: should contain one or more complete sentences.
Flavors: r-devel-linux-x86_64-debian-clang, r-devel-linux-x86_64-debian-gcc, r-devel-linux-x86_64-fedora-clang, r-devel-linux-x86_64-fedora-gcc, r-devel-windows-x86_64, r-patched-linux-x86_64, r-release-linux-x86_64, r-release-macos-arm64, r-release-macos-x86_64, r-release-windows-x86_64, r-oldrel-macos-arm64, r-oldrel-macos-x86_64, r-oldrel-windows-x86_64
Version: 0.6.1
Check: compiled code
Result: NOTE
File ‘lorec/libs/lorec.so’:
Found no calls to: ‘R_registerRoutines’, ‘R_useDynamicSymbols’
It is good practice to register native routines and to disable symbol
search.
See ‘Writing portable packages’ in the ‘Writing R Extensions’ manual.
Flavors: r-devel-linux-x86_64-fedora-clang, r-devel-linux-x86_64-fedora-gcc