Last updated on 2023-12-11 21:00:28 CET.
Flavor | Version | Tinstall | Tcheck | Ttotal | Status | Flags |
---|---|---|---|---|---|---|
r-devel-linux-x86_64-debian-clang | 1.3.3 | 20.45 | 298.43 | 318.88 | OK | |
r-devel-linux-x86_64-debian-gcc | 1.3.3 | 17.41 | 220.95 | 238.36 | OK | |
r-devel-linux-x86_64-fedora-clang | 1.3.3 | 406.14 | NOTE | |||
r-devel-linux-x86_64-fedora-gcc | 1.3.3 | 408.20 | NOTE | |||
r-devel-windows-x86_64 | 1.3.3 | 19.00 | 367.00 | 386.00 | OK | |
r-patched-linux-x86_64 | 1.3.3 | 21.21 | 295.17 | 316.38 | OK | |
r-release-linux-x86_64 | 1.3.3 | 13.74 | 293.94 | 307.68 | OK | |
r-release-macos-arm64 | 1.3.3 | 172.00 | OK | |||
r-release-macos-x86_64 | 1.3.3 | 284.00 | OK | |||
r-release-windows-x86_64 | 1.3.3 | 23.00 | 341.00 | 364.00 | OK | |
r-oldrel-macos-arm64 | 1.3.3 | 360.00 | OK | |||
r-oldrel-macos-x86_64 | 1.3.3 | 279.00 | OK | |||
r-oldrel-windows-x86_64 | 1.3.3 | 22.00 | 354.00 | 376.00 | OK |
Version: 1.3.3
Check: dependencies in R code
Result: NOTE
Namespace in Imports field not imported from: ‘cli’
All declared Imports should be used.
Flavors: r-devel-linux-x86_64-fedora-clang, r-devel-linux-x86_64-fedora-gcc