CRAN Package Check Results for Package lolR

Last updated on 2019-04-20 02:54:29 CEST.

Flavor Version Tinstall Tcheck Ttotal Status Flags
r-devel-linux-x86_64-debian-clang 2.0 6.86 211.16 218.02 ERROR
r-devel-linux-x86_64-debian-gcc 2.0 7.18 202.44 209.62 ERROR
r-devel-linux-x86_64-fedora-clang 2.0 248.51 ERROR
r-devel-linux-x86_64-fedora-gcc 2.0 240.31 ERROR
r-devel-windows-ix86+x86_64 2.0 22.00 280.00 302.00 ERROR
r-patched-linux-x86_64 2.0 8.10 201.27 209.37 ERROR
r-patched-solaris-x86 2.0 341.80 ERROR
r-release-linux-x86_64 2.0 5.14 164.06 169.20 OK
r-release-windows-ix86+x86_64 2.0 10.00 232.00 242.00 OK
r-release-osx-x86_64 2.0 NOTE
r-oldrel-windows-ix86+x86_64 2.0 15.00 255.00 270.00 OK
r-oldrel-osx-x86_64 2.0 NOTE

Additional issues

OpenBLAS

Check Details

Version: 2.0
Check: tests
Result: ERROR
     Running 'testthat.R' [6s/7s]
    Running the tests in 'tests/testthat.R' failed.
    Complete output:
     > library(testthat)
     > library(lolR)
     >
     > test_check("lolR")
     -- 1. Failure: Optimal Embedding Dimensions (@test-xval.R#45) -----------------
     result.rs$optimal.lhat not equal to result.rs.noset$optimal.lhat.
     Lengths differ: 2 is not 1
    
     == testthat results ===========================================================
     OK: 446 SKIPPED: 0 FAILED: 1
     1. Failure: Optimal Embedding Dimensions (@test-xval.R#45)
    
     Error: testthat unit tests failed
     Execution halted
Flavor: r-devel-linux-x86_64-debian-clang

Version: 2.0
Check: tests
Result: ERROR
     Running ‘testthat.R’ [8s/8s]
    Running the tests in ‘tests/testthat.R’ failed.
    Complete output:
     > library(testthat)
     > library(lolR)
     >
     > test_check("lolR")
     ── 1. Failure: Optimal Embedding Dimensions (@test-xval.R#45) ─────────────────
     result.rs$optimal.lhat not equal to result.rs.noset$optimal.lhat.
     Lengths differ: 2 is not 1
    
     ══ testthat results ═══════════════════════════════════════════════════════════
     OK: 446 SKIPPED: 0 FAILED: 1
     1. Failure: Optimal Embedding Dimensions (@test-xval.R#45)
    
     Error: testthat unit tests failed
     Execution halted
Flavor: r-devel-linux-x86_64-debian-gcc

Version: 2.0
Check: dependencies in R code
Result: NOTE
    Namespace in Imports field not imported from: ‘ggplot2’
     All declared Imports should be used.
Flavors: r-devel-linux-x86_64-fedora-clang, r-devel-linux-x86_64-fedora-gcc, r-patched-solaris-x86, r-release-osx-x86_64, r-oldrel-osx-x86_64

Version: 2.0
Check: tests
Result: ERROR
     Running ‘testthat.R’
    Running the tests in ‘tests/testthat.R’ failed.
    Complete output:
     > library(testthat)
     > library(lolR)
     >
     > test_check("lolR")
     ── 1. Failure: Optimal Embedding Dimensions (@test-xval.R#45) ─────────────────
     result.rs$optimal.lhat not equal to result.rs.noset$optimal.lhat.
     Lengths differ: 2 is not 1
    
     ══ testthat results ═══════════════════════════════════════════════════════════
     OK: 446 SKIPPED: 0 FAILED: 1
     1. Failure: Optimal Embedding Dimensions (@test-xval.R#45)
    
     Error: testthat unit tests failed
     Execution halted
Flavors: r-devel-linux-x86_64-fedora-clang, r-devel-linux-x86_64-fedora-gcc

Version: 2.0
Check: tests
Result: ERROR
     Running 'testthat.R' [7s]
    Running the tests in 'tests/testthat.R' failed.
    Complete output:
     > library(testthat)
     > library(lolR)
     >
     > test_check("lolR")
     -- 1. Failure: Optimal Embedding Dimensions (@test-xval.R#45) -----------------
     result.rs$optimal.lhat not equal to result.rs.noset$optimal.lhat.
     Lengths differ: 2 is not 1
    
     == testthat results ===========================================================
     OK: 446 SKIPPED: 0 FAILED: 1
     1. Failure: Optimal Embedding Dimensions (@test-xval.R#45)
    
     Error: testthat unit tests failed
     Execution halted
Flavor: r-devel-windows-ix86+x86_64

Version: 2.0
Check: tests
Result: ERROR
     Running ‘testthat.R’ [6s/6s]
    Running the tests in ‘tests/testthat.R’ failed.
    Complete output:
     > library(testthat)
     > library(lolR)
     >
     > test_check("lolR")
     ── 1. Failure: Optimal Embedding Dimensions (@test-xval.R#45) ─────────────────
     result.rs$optimal.lhat not equal to result.rs.noset$optimal.lhat.
     Lengths differ: 2 is not 1
    
     ══ testthat results ═══════════════════════════════════════════════════════════
     OK: 446 SKIPPED: 0 FAILED: 1
     1. Failure: Optimal Embedding Dimensions (@test-xval.R#45)
    
     Error: testthat unit tests failed
     Execution halted
Flavor: r-patched-linux-x86_64

Version: 2.0
Check: installed package size
Result: NOTE
     installed size is 5.6Mb
     sub-directories of 1Mb or more:
     doc 5.4Mb
Flavor: r-patched-solaris-x86

Version: 2.0
Check: tests
Result: ERROR
     Running ‘testthat.R’ [10s/13s]
    Running the tests in ‘tests/testthat.R’ failed.
    Complete output:
     > library(testthat)
     > library(lolR)
     >
     > test_check("lolR")
     ── 1. Failure: Optimal Embedding Dimensions (@test-xval.R#45) ─────────────────
     result.rs$optimal.lhat not equal to result.rs.noset$optimal.lhat.
     Lengths differ: 2 is not 1
    
     ══ testthat results ═══════════════════════════════════════════════════════════
     OK: 446 SKIPPED: 0 FAILED: 1
     1. Failure: Optimal Embedding Dimensions (@test-xval.R#45)
    
     Error: testthat unit tests failed
     Execution halted
Flavor: r-patched-solaris-x86