Last updated on 2022-08-08 16:54:28 CEST.
Flavor | Version | Tinstall | Tcheck | Ttotal | Status | Flags |
---|---|---|---|---|---|---|
r-devel-linux-x86_64-debian-clang | 0.1.0 | 7.90 | 84.75 | 92.65 | NOTE | |
r-devel-linux-x86_64-debian-gcc | 0.1.0 | 5.84 | 62.13 | 67.97 | NOTE | |
r-devel-linux-x86_64-fedora-clang | 0.1.0 | 116.19 | OK | |||
r-devel-linux-x86_64-fedora-gcc | 0.1.0 | 120.09 | OK | |||
r-devel-windows-x86_64 | 0.1.0 | 13.00 | 129.00 | 142.00 | OK | |
r-patched-linux-x86_64 | 0.1.0 | 7.30 | 79.49 | 86.79 | OK | |
r-release-linux-x86_64 | 0.1.0 | OK | ||||
r-release-macos-arm64 | 0.1.0 | 40.00 | OK | |||
r-release-macos-x86_64 | 0.1.0 | 55.00 | OK | |||
r-release-windows-x86_64 | 0.1.0 | 30.00 | 130.00 | 160.00 | OK | |
r-oldrel-macos-arm64 | 0.1.0 | 33.00 | OK | |||
r-oldrel-macos-x86_64 | 0.1.0 | 57.00 | OK | |||
r-oldrel-windows-ix86+x86_64 | 0.1.0 | 25.00 | 127.00 | 152.00 | OK |
Version: 0.1.0
Check: HTML version of manual
Result: NOTE
Found the following HTML validation problems:
set_log_name_path.html:19:1: Warning: missing </h2> before <ol>
set_log_name_path.html:31:1: Warning: discarding unexpected </h2>
Flavors: r-devel-linux-x86_64-debian-clang, r-devel-linux-x86_64-debian-gcc