CRAN Package Check Results for Package logr

Last updated on 2021-03-09 04:48:51 CET.

Flavor Version Tinstall Tcheck Ttotal Status Flags
r-devel-linux-x86_64-debian-clang 1.2.1 1.81 30.69 32.50 OK
r-devel-linux-x86_64-debian-gcc 1.2.1 1.75 23.58 25.33 OK
r-devel-linux-x86_64-fedora-clang 1.2.1 48.79 OK
r-devel-linux-x86_64-fedora-gcc 1.2.1 40.52 OK
r-devel-windows-ix86+x86_64 1.2.1 5.00 40.00 45.00 OK
r-devel-windows-x86_64-gcc10-UCRT 1.2.1 OK
r-patched-linux-x86_64 1.2.1 1.88 29.42 31.30 OK
r-patched-solaris-x86 1.2.1 57.90 OK
r-release-linux-x86_64 1.2.1 2.00 29.51 31.51 OK
r-release-macos-x86_64 1.2.1 OK
r-release-windows-ix86+x86_64 1.2.1 5.00 52.00 57.00 OK
r-oldrel-macos-x86_64 1.2.1 ERROR
r-oldrel-windows-ix86+x86_64 1.1.1 3.00 31.00 34.00 OK

Check Details

Version: 1.2.1
Check: whether package can be installed
Result: ERROR
    Installation failed.
Flavor: r-oldrel-macos-x86_64