CRAN Package Check Results for Package logisticRR

Last updated on 2023-03-23 20:50:35 CET.

Flavor Version Tinstall Tcheck Ttotal Status Flags
r-devel-linux-x86_64-debian-clang 0.3.0 3.33 51.73 55.06 NOTE
r-devel-linux-x86_64-debian-gcc 0.3.0 2.44 37.68 40.12 NOTE
r-devel-linux-x86_64-fedora-clang 0.3.0 68.17 NOTE
r-devel-linux-x86_64-fedora-gcc 0.3.0 75.13 NOTE
r-patched-linux-x86_64 0.3.0 3.50 50.72 54.22 NOTE
r-release-linux-x86_64 0.3.0 3.22 50.54 53.76 NOTE
r-release-macos-arm64 0.3.0 23.00 NOTE
r-release-macos-x86_64 0.3.0 31.00 NOTE
r-release-windows-x86_64 0.3.0 24.00 91.00 115.00 NOTE
r-oldrel-macos-arm64 0.3.0 23.00 NOTE
r-oldrel-macos-x86_64 0.3.0 41.00 NOTE
r-oldrel-windows-ix86+x86_64 0.3.0 8.00 80.00 88.00 NOTE

Check Details

Version: 0.3.0
Check: LazyData
Result: NOTE
     'LazyData' is specified without a 'data' directory
Flavors: r-devel-linux-x86_64-debian-clang, r-devel-linux-x86_64-debian-gcc, r-devel-linux-x86_64-fedora-clang, r-devel-linux-x86_64-fedora-gcc, r-patched-linux-x86_64, r-release-linux-x86_64, r-release-macos-arm64, r-release-macos-x86_64, r-release-windows-x86_64, r-oldrel-macos-arm64, r-oldrel-macos-x86_64, r-oldrel-windows-ix86+x86_64