CRAN Package Check Results for Package logistf

Last updated on 2024-06-14 01:51:25 CEST.

Flavor Version Tinstall Tcheck Ttotal Status Flags
r-devel-linux-x86_64-debian-clang 1.26.0 20.26 142.70 162.96 OK
r-devel-linux-x86_64-debian-gcc 1.26.0 0.35 1.73 2.08 ERROR
r-devel-linux-x86_64-fedora-clang 1.26.0 203.27 OK
r-devel-linux-x86_64-fedora-gcc 1.26.0 189.60 OK
r-devel-windows-x86_64 1.26.0 17.00 119.00 136.00 OK
r-patched-linux-x86_64 1.26.0 26.39 133.08 159.47 OK
r-release-linux-x86_64 1.26.0 15.68 133.14 148.82 OK
r-release-macos-arm64 1.26.0 54.00 OK
r-release-macos-x86_64 1.26.0 85.00 OK
r-release-windows-x86_64 1.26.0 19.00 117.00 136.00 OK
r-oldrel-macos-arm64 1.26.0 62.00 OK
r-oldrel-macos-x86_64 1.26.0 112.00 OK
r-oldrel-windows-x86_64 1.26.0 23.00 149.00 172.00 OK

Check Details

Version: 1.26.0
Check: package dependencies
Result: ERROR Package required but not available: ‘mice’ See section ‘The DESCRIPTION file’ in the ‘Writing R Extensions’ manual. Flavor: r-devel-linux-x86_64-debian-gcc