Last updated on 2023-03-30 04:55:14 CEST.
Flavor | Version | Tinstall | Tcheck | Ttotal | Status | Flags |
---|---|---|---|---|---|---|
r-devel-linux-x86_64-debian-clang | 0.3.2 | 18.69 | 62.92 | 81.61 | NOTE | |
r-devel-linux-x86_64-debian-gcc | 0.3.2 | 14.62 | 49.13 | 63.75 | NOTE | |
r-devel-linux-x86_64-fedora-clang | 0.3.2 | 111.44 | NOTE | |||
r-devel-linux-x86_64-fedora-gcc | 0.3.2 | 113.09 | NOTE | |||
r-devel-windows-x86_64 | 0.3.2 | 35.00 | 0.00 | 35.00 | NOTE | |
r-patched-linux-x86_64 | 0.3.2 | 16.25 | 63.74 | 79.99 | NOTE | |
r-release-linux-x86_64 | 0.3.2 | 16.03 | 63.91 | 79.94 | NOTE | |
r-release-macos-arm64 | 0.3.2 | 30.00 | NOTE | |||
r-release-macos-x86_64 | 0.3.2 | 46.00 | NOTE | |||
r-release-windows-x86_64 | 0.3.2 | 33.00 | 117.00 | 150.00 | NOTE | |
r-oldrel-macos-arm64 | 0.3.2 | 33.00 | NOTE | |||
r-oldrel-macos-x86_64 | 0.3.2 | 64.00 | NOTE | |||
r-oldrel-windows-ix86+x86_64 | 0.3.2 | 50.00 | 159.00 | 209.00 | NOTE |
Version: 0.3.2
Check: C++ specification
Result: NOTE
Specified C++11: please drop specification unless essential
Flavors: r-devel-linux-x86_64-debian-clang, r-devel-linux-x86_64-debian-gcc, r-devel-linux-x86_64-fedora-clang, r-devel-linux-x86_64-fedora-gcc, r-devel-windows-x86_64, r-patched-linux-x86_64
Version: 0.3.2
Check: LazyData
Result: NOTE
'LazyData' is specified without a 'data' directory
Flavors: r-devel-linux-x86_64-debian-clang, r-devel-linux-x86_64-debian-gcc, r-devel-linux-x86_64-fedora-clang, r-devel-linux-x86_64-fedora-gcc, r-devel-windows-x86_64, r-patched-linux-x86_64, r-release-linux-x86_64, r-release-macos-arm64, r-release-macos-x86_64, r-release-windows-x86_64, r-oldrel-macos-arm64, r-oldrel-macos-x86_64, r-oldrel-windows-ix86+x86_64