CRAN Package Check Results for Package log4r

Last updated on 2019-04-20 18:48:16 CEST.

Flavor Version Tinstall Tcheck Ttotal Status Flags
r-devel-linux-x86_64-debian-clang 0.2 1.64 18.81 20.45 NOTE
r-devel-linux-x86_64-debian-gcc 0.2 1.99 18.36 20.35 NOTE
r-devel-linux-x86_64-fedora-clang 0.2 23.67 NOTE
r-devel-linux-x86_64-fedora-gcc 0.2 22.83 NOTE
r-devel-windows-ix86+x86_64 0.2 6.00 45.00 51.00 NOTE
r-patched-linux-x86_64 0.2 1.72 18.47 20.19 NOTE
r-patched-solaris-x86 0.2 37.40 NOTE
r-release-linux-x86_64 0.2 0.89 17.49 18.38 NOTE
r-release-windows-ix86+x86_64 0.2 2.00 41.00 43.00 NOTE
r-release-osx-x86_64 0.2 NOTE
r-oldrel-windows-ix86+x86_64 0.2 2.00 42.00 44.00 NOTE
r-oldrel-osx-x86_64 0.2 NOTE

Check Details

Version: 0.2
Check: DESCRIPTION meta-information
Result: NOTE
    Malformed Title field: should not end in a period.
Flavors: r-devel-linux-x86_64-debian-clang, r-devel-linux-x86_64-debian-gcc, r-devel-linux-x86_64-fedora-clang, r-devel-linux-x86_64-fedora-gcc, r-devel-windows-ix86+x86_64, r-patched-linux-x86_64, r-patched-solaris-x86, r-release-linux-x86_64, r-release-windows-ix86+x86_64, r-release-osx-x86_64, r-oldrel-windows-ix86+x86_64, r-oldrel-osx-x86_64

Version: 0.2
Check: R code for possible problems
Result: NOTE
    available.loglevels: no visible global function definition for
     'setNames'
    Undefined global functions or variables:
     setNames
    Consider adding
     importFrom("stats", "setNames")
    to your NAMESPACE file.
Flavors: r-devel-linux-x86_64-debian-clang, r-devel-linux-x86_64-debian-gcc, r-devel-linux-x86_64-fedora-clang, r-devel-linux-x86_64-fedora-gcc, r-devel-windows-ix86+x86_64, r-patched-linux-x86_64, r-patched-solaris-x86, r-release-linux-x86_64, r-release-windows-ix86+x86_64, r-release-osx-x86_64, r-oldrel-windows-ix86+x86_64, r-oldrel-osx-x86_64