CRAN Package Check Results for Package log4r

Last updated on 2019-06-24 12:47:05 CEST.

Flavor Version Tinstall Tcheck Ttotal Status Flags
r-devel-linux-x86_64-debian-clang 0.3.0 2.14 19.12 21.26 OK
r-devel-linux-x86_64-debian-gcc 0.3.0 1.56 15.21 16.77 OK
r-devel-linux-x86_64-fedora-clang 0.3.0 25.59 OK
r-devel-linux-x86_64-fedora-gcc 0.3.0 24.09 OK
r-devel-windows-ix86+x86_64 0.2 7.00 33.00 40.00 NOTE
r-patched-linux-x86_64 0.2 1.76 18.19 19.95 NOTE
r-patched-solaris-x86 0.3.0 40.40 OK
r-release-linux-x86_64 0.3.0 2.10 18.85 20.95 OK
r-release-windows-ix86+x86_64 0.2 4.00 43.00 47.00 NOTE
r-release-osx-x86_64 0.3.0 OK
r-oldrel-windows-ix86+x86_64 0.3.0 5.00 37.00 42.00 OK
r-oldrel-osx-x86_64 0.3.0 OK

Check Details

Version: 0.2
Check: DESCRIPTION meta-information
Result: NOTE
    Malformed Title field: should not end in a period.
Flavors: r-devel-windows-ix86+x86_64, r-patched-linux-x86_64, r-release-windows-ix86+x86_64

Version: 0.2
Check: R code for possible problems
Result: NOTE
    available.loglevels: no visible global function definition for
     'setNames'
    Undefined global functions or variables:
     setNames
    Consider adding
     importFrom("stats", "setNames")
    to your NAMESPACE file.
Flavors: r-devel-windows-ix86+x86_64, r-patched-linux-x86_64, r-release-windows-ix86+x86_64