Last updated on 2023-01-28 02:57:22 CET.
Flavor | Version | Tinstall | Tcheck | Ttotal | Status | Flags |
---|---|---|---|---|---|---|
r-devel-linux-x86_64-debian-clang | 1.1.2 | 10.68 | 37.16 | 47.84 | OK | |
r-devel-linux-x86_64-debian-gcc | 1.1.2 | 8.56 | 28.58 | 37.14 | NOTE | |
r-devel-linux-x86_64-fedora-clang | 1.1.2 | 70.72 | OK | |||
r-devel-linux-x86_64-fedora-gcc | 1.1.2 | 66.42 | NOTE | |||
r-devel-windows-x86_64 | 1.1.2 | 27.00 | 79.00 | 106.00 | OK | |
r-patched-linux-x86_64 | 1.1.2 | 11.13 | 36.02 | 47.15 | OK | |
r-release-linux-x86_64 | 1.1.2 | 12.48 | 36.00 | 48.48 | OK | |
r-release-macos-arm64 | 1.1.2 | 30.00 | OK | |||
r-release-macos-x86_64 | 1.1.2 | 32.00 | OK | |||
r-release-windows-x86_64 | 1.1.2 | 33.00 | 86.00 | 119.00 | OK | |
r-oldrel-macos-arm64 | 1.1.2 | 30.00 | OK | |||
r-oldrel-macos-x86_64 | 1.1.2 | 35.00 | OK | |||
r-oldrel-windows-ix86+x86_64 | 1.1.2 | 36.00 | 89.00 | 125.00 | OK |
Version: 1.1.2
Check: C++ specification
Result: NOTE
Specified C++11: please update to current default of C++17
Flavors: r-devel-linux-x86_64-debian-gcc, r-devel-linux-x86_64-fedora-gcc