CRAN Package Check Results for Package lobstr

Last updated on 2023-06-09 12:58:19 CEST.

Flavor Version Tinstall Tcheck Ttotal Status Flags
r-devel-linux-x86_64-debian-clang 1.1.2 11.76 36.42 48.18 NOTE
r-devel-linux-x86_64-debian-gcc 1.1.2 10.10 28.09 38.19 NOTE
r-devel-linux-x86_64-fedora-clang 1.1.2 67.63 NOTE
r-devel-linux-x86_64-fedora-gcc 1.1.2 62.02 NOTE
r-devel-windows-x86_64 1.1.2 19.00 67.00 86.00 NOTE
r-patched-linux-x86_64 1.1.2 11.94 35.27 47.21 NOTE
r-release-linux-x86_64 1.1.2 12.64 34.57 47.21 NOTE
r-release-macos-arm64 1.1.2 23.00 NOTE
r-release-macos-x86_64 1.1.2 35.00 NOTE
r-release-windows-x86_64 1.1.2 13.00 71.00 84.00 NOTE
r-oldrel-macos-arm64 1.1.2 26.00 OK
r-oldrel-macos-x86_64 1.1.2 32.00 OK
r-oldrel-windows-x86_64 1.1.2 16.00 74.00 90.00 OK

Check Details

Version: 1.1.2
Check: C++ specification
Result: NOTE
     Specified C++11: please drop specification unless essential
Flavors: r-devel-linux-x86_64-debian-clang, r-devel-linux-x86_64-debian-gcc, r-devel-linux-x86_64-fedora-clang, r-devel-linux-x86_64-fedora-gcc, r-devel-windows-x86_64, r-patched-linux-x86_64, r-release-linux-x86_64, r-release-macos-arm64, r-release-macos-x86_64, r-release-windows-x86_64