CRAN Package Check Results for Package lobstr

Last updated on 2023-12-10 22:56:02 CET.

Flavor Version Tinstall Tcheck Ttotal Status Flags
r-devel-linux-x86_64-debian-clang 1.1.2 11.60 38.14 49.74 NOTE
r-devel-linux-x86_64-debian-gcc 1.1.2 8.99 29.18 38.17 NOTE
r-devel-linux-x86_64-fedora-clang 1.1.2 68.72 NOTE
r-devel-linux-x86_64-fedora-gcc 1.1.2 61.71 NOTE
r-devel-windows-x86_64 1.1.2 13.00 67.00 80.00 NOTE
r-patched-linux-x86_64 1.1.2 11.20 37.53 48.73 NOTE
r-release-linux-x86_64 1.1.2 11.71 37.52 49.23 NOTE
r-release-macos-arm64 1.1.2 23.00 NOTE
r-release-macos-x86_64 1.1.2 35.00 NOTE
r-release-windows-x86_64 1.1.2 16.00 73.00 89.00 NOTE
r-oldrel-macos-arm64 1.1.2 26.00 OK
r-oldrel-macos-x86_64 1.1.2 32.00 OK
r-oldrel-windows-x86_64 1.1.2 16.00 79.00 95.00 OK

Check Details

Version: 1.1.2
Check: C++ specification
Result: NOTE Specified C++11: please drop specification unless essential Flavors: r-devel-linux-x86_64-debian-clang, r-devel-linux-x86_64-debian-gcc, r-devel-linux-x86_64-fedora-clang, r-devel-linux-x86_64-fedora-gcc, r-devel-windows-x86_64, r-patched-linux-x86_64, r-release-linux-x86_64, r-release-macos-arm64, r-release-macos-x86_64, r-release-windows-x86_64