Last updated on 2023-06-09 18:52:03 CEST.
Flavor | Version | Tinstall | Tcheck | Ttotal | Status | Flags |
---|---|---|---|---|---|---|
r-devel-linux-x86_64-debian-clang | 1.1.1 | 4.05 | 61.28 | 65.33 | NOTE | |
r-devel-linux-x86_64-debian-gcc | 1.1.1 | 3.11 | 46.37 | 49.48 | NOTE | |
r-devel-linux-x86_64-fedora-clang | 1.1.1 | 79.34 | NOTE | |||
r-devel-linux-x86_64-fedora-gcc | 1.1.1 | 89.27 | NOTE | |||
r-devel-windows-x86_64 | 1.1.1 | 7.00 | 87.00 | 94.00 | NOTE | |
r-patched-linux-x86_64 | 1.1.1 | 3.42 | 59.44 | 62.86 | NOTE | |
r-release-linux-x86_64 | 1.1.1 | 2.75 | 59.52 | 62.27 | NOTE | |
r-release-macos-arm64 | 1.1.1 | 34.00 | NOTE | |||
r-release-macos-x86_64 | 1.1.1 | 70.00 | NOTE | |||
r-release-windows-x86_64 | 1.1.1 | 5.00 | 92.00 | 97.00 | NOTE | |
r-oldrel-macos-arm64 | 1.1.1 | 30.00 | OK | |||
r-oldrel-macos-x86_64 | 1.1.1 | 45.00 | OK | |||
r-oldrel-windows-x86_64 | 1.1.1 | 6.00 | 93.00 | 99.00 | OK |
Version: 1.1.1
Check: package subdirectories
Result: NOTE
Problems with news in ‘NEWS.md’:
Cannot extract version info from the following section titles:
Author
Maintainer
Flavors: r-devel-linux-x86_64-debian-clang, r-devel-linux-x86_64-debian-gcc, r-devel-linux-x86_64-fedora-clang, r-devel-linux-x86_64-fedora-gcc, r-devel-windows-x86_64, r-patched-linux-x86_64, r-release-linux-x86_64, r-release-macos-arm64, r-release-macos-x86_64, r-release-windows-x86_64