CRAN Package Check Results for Package loadshaper

Last updated on 2024-05-23 20:52:35 CEST.

Flavor Version Tinstall Tcheck Ttotal Status Flags
r-devel-linux-x86_64-debian-clang 1.1.1 4.46 73.56 78.02 NOTE
r-devel-linux-x86_64-debian-gcc 1.1.1 2.88 55.53 58.41 NOTE
r-devel-linux-x86_64-fedora-clang 1.1.1 98.21 NOTE
r-devel-linux-x86_64-fedora-gcc 1.1.1 108.78 NOTE
r-devel-windows-x86_64 1.1.1 4.00 89.00 93.00 NOTE
r-patched-linux-x86_64 1.1.1 4.27 71.70 75.97 NOTE
r-release-linux-x86_64 1.1.1 3.56 72.62 76.18 NOTE
r-release-macos-arm64 1.1.1 33.00 NOTE
r-release-windows-x86_64 1.1.1 3.00 91.00 94.00 NOTE
r-oldrel-macos-arm64 1.1.1 34.00 NOTE
r-oldrel-macos-x86_64 1.1.1 70.00 NOTE
r-oldrel-windows-x86_64 1.1.1 5.00 94.00 99.00 NOTE

Check Details

Version: 1.1.1
Check: package subdirectories
Result: NOTE Problems with news in ‘NEWS.md’: Cannot extract version info from the following section titles: Author Maintainer Flavors: r-devel-linux-x86_64-debian-clang, r-devel-linux-x86_64-debian-gcc, r-devel-linux-x86_64-fedora-clang, r-devel-linux-x86_64-fedora-gcc, r-devel-windows-x86_64, r-patched-linux-x86_64, r-release-linux-x86_64, r-release-macos-arm64, r-release-windows-x86_64, r-oldrel-macos-arm64, r-oldrel-macos-x86_64, r-oldrel-windows-x86_64