CRAN Package Check Results for Package lmtest

Last updated on 2024-02-27 01:50:07 CET.

Flavor Version Tinstall Tcheck Ttotal Status Flags
r-devel-linux-x86_64-debian-clang 0.9-40 6.04 54.25 60.29 OK
r-devel-linux-x86_64-debian-gcc 0.9-40 4.88 41.62 46.50 OK
r-devel-linux-x86_64-fedora-clang 0.9-40 75.14 OK
r-devel-linux-x86_64-fedora-gcc 0.9-40 84.80 OK
r-devel-windows-x86_64 0.9-40 8.00 91.00 99.00 OK
r-patched-linux-x86_64 0.9-40 6.42 53.74 60.16 OK
r-release-linux-x86_64 0.9-40 6.54 53.45 59.99 OK
r-release-macos-arm64 0.9-40 40.00 OK
r-release-macos-x86_64 0.9-40 50.00 NOTE
r-release-windows-x86_64 0.9-40 12.00 91.00 103.00 OK
r-oldrel-macos-arm64 0.9-40 31.00 OK
r-oldrel-windows-x86_64 0.9-40 9.00 94.00 103.00 OK

Check Details

Version: 0.9-40
Check: package dependencies
Result: NOTE Packages suggested but not available for checking: 'car', 'dynlm', 'AER' Flavor: r-release-macos-x86_64

Version: 0.9-40
Check: Rd cross-references
Result: NOTE Package unavailable to check Rd xrefs: ‘car’ Flavor: r-release-macos-x86_64