CRAN Package Check Results for Package lmeSplines

Last updated on 2024-07-14 22:49:22 CEST.

Flavor Version Tinstall Tcheck Ttotal Status Flags
r-devel-linux-x86_64-debian-clang 1.1-12 2.63 26.62 29.25 OK
r-devel-linux-x86_64-debian-gcc 1.1-12 1.95 20.56 22.51 OK
r-devel-linux-x86_64-fedora-clang 1.1-12 36.64 OK
r-devel-linux-x86_64-fedora-gcc 1.1-12 34.82 OK
r-devel-windows-x86_64 1.1-12 3.00 43.00 46.00 NOTE
r-patched-linux-x86_64 1.1-12 1.73 25.19 26.92 OK
r-release-linux-x86_64 1.1-12 2.01 25.62 27.63 OK
r-release-macos-arm64 1.1-12 16.00 OK
r-release-macos-x86_64 1.1-12 27.00 OK
r-release-windows-x86_64 1.1-12 3.00 43.00 46.00 OK
r-oldrel-macos-arm64 1.1-12 17.00 OK
r-oldrel-macos-x86_64 1.1-12 21.00 OK
r-oldrel-windows-x86_64 1.1-12 3.00 45.00 48.00 OK

Check Details

Version: 1.1-12
Check: Rd cross-references
Result: NOTE Found the following Rd file(s) with Rd \link{} targets missing package anchors: approx.Z.Rd: nlme smSplineEx1.Rd: lme smspline.Rd: predict.lme, nlme Please provide package anchors for all Rd \link{} targets not in the package itself and the base packages. Flavor: r-devel-windows-x86_64