CRAN Package Check Results for Package lmds

Last updated on 2019-12-14 03:49:00 CET.

Flavor Version Tinstall Tcheck Ttotal Status Flags
r-devel-linux-x86_64-debian-clang 0.1.0 7.51 73.19 80.70 OK
r-devel-linux-x86_64-debian-gcc 0.1.0 6.82 56.62 63.44 OK
r-devel-linux-x86_64-fedora-clang 0.1.0 101.86 NOTE
r-devel-linux-x86_64-fedora-gcc 0.1.0 96.35 NOTE
r-devel-windows-ix86+x86_64 0.1.0 16.00 110.00 126.00 OK
r-devel-windows-ix86+x86_64-gcc8 0.1.0 21.00 132.00 153.00 OK
r-patched-linux-x86_64 0.1.0 6.69 65.67 72.36 OK
r-patched-solaris-x86 0.1.0 158.00 NOTE
r-release-linux-x86_64 0.1.0 6.54 66.19 72.73 OK
r-release-windows-ix86+x86_64 0.1.0 12.00 85.00 97.00 OK
r-release-osx-x86_64 0.1.0 NOTE
r-oldrel-windows-ix86+x86_64 0.1.0 8.00 74.00 82.00 OK
r-oldrel-osx-x86_64 0.1.0 NOTE

Check Details

Version: 0.1.0
Check: dependencies in R code
Result: NOTE
    Namespace in Imports field not imported from: ‘Matrix’
     All declared Imports should be used.
Flavors: r-devel-linux-x86_64-fedora-clang, r-devel-linux-x86_64-fedora-gcc, r-patched-solaris-x86, r-release-osx-x86_64, r-oldrel-osx-x86_64