CRAN Package Check Results for Package lmQCM

Last updated on 2019-06-18 22:01:51 CEST.

Flavor Version Tinstall Tcheck Ttotal Status Flags
r-devel-linux-x86_64-debian-clang 0.2.1 15.23 138.10 153.33 OK
r-devel-linux-x86_64-debian-gcc 0.2.1 15.73 112.66 128.39 OK
r-devel-linux-x86_64-fedora-clang 0.2.1 185.33 OK
r-devel-linux-x86_64-fedora-gcc 0.2.1 182.74 OK
r-devel-windows-ix86+x86_64 0.2.1 41.00 188.00 229.00 OK
r-patched-linux-x86_64 0.2.1 17.97 138.39 156.36 OK
r-patched-solaris-x86 0.2.1 283.10 OK
r-release-linux-x86_64 0.2.1 16.26 137.72 153.98 OK
r-release-windows-ix86+x86_64 0.2.1 44.00 184.00 228.00 OK
r-release-osx-x86_64 0.2.1 ERROR
r-oldrel-windows-ix86+x86_64 0.2.1 17.00 186.00 203.00 OK
r-oldrel-osx-x86_64 0.2.1 OK

Check Details

Version: 0.2.1
Check: package dependencies
Result: ERROR
    Packages required but not available: 'genefilter', 'Biobase'
    
    See section ‘The DESCRIPTION file’ in the ‘Writing R Extensions’
    manual.
Flavor: r-release-osx-x86_64