CRAN Package Check Results for Package lmQCM

Last updated on 2019-09-22 21:47:40 CEST.

Flavor Version Tinstall Tcheck Ttotal Status Flags
r-devel-linux-x86_64-debian-clang 0.2.1 16.89 148.00 164.89 OK
r-devel-linux-x86_64-debian-gcc 0.2.1 15.86 115.63 131.49 OK
r-devel-linux-x86_64-fedora-clang 0.2.1 198.13 OK
r-devel-linux-x86_64-fedora-gcc 0.2.1 195.26 OK
r-devel-windows-ix86+x86_64 0.2.1 45.00 192.00 237.00 OK
r-patched-linux-x86_64 0.2.1 12.96 138.96 151.92 OK
r-patched-solaris-x86 0.2.1 297.90 OK
r-release-linux-x86_64 0.2.1 14.60 141.27 155.87 OK
r-release-windows-ix86+x86_64 0.2.1 48.00 204.00 252.00 OK
r-release-osx-x86_64 0.2.1 ERROR
r-oldrel-windows-ix86+x86_64 0.2.1 18.00 142.00 160.00 OK
r-oldrel-osx-x86_64 0.2.1 OK

Check Details

Version: 0.2.1
Check: package dependencies
Result: ERROR
    Packages required but not available: 'genefilter', 'Biobase'
    
    See section ‘The DESCRIPTION file’ in the ‘Writing R Extensions’
    manual.
Flavor: r-release-osx-x86_64