CRAN Package Check Results for Package llama

Last updated on 2021-06-25 00:49:43 CEST.

Flavor Version Tinstall Tcheck Ttotal Status Flags
r-devel-linux-x86_64-debian-clang 0.10.1 15.54 147.63 163.17 OK
r-devel-linux-x86_64-debian-gcc 0.10.1 12.55 107.26 119.81 OK
r-devel-linux-x86_64-fedora-clang 0.10.1 203.32 OK
r-devel-linux-x86_64-fedora-gcc 0.10.1 191.23 OK
r-devel-windows-x86_64 0.10.1 23.00 131.00 154.00 OK
r-devel-windows-x86_64-gcc10-UCRT 0.10.1 OK
r-patched-linux-x86_64 0.10.1 16.38 139.16 155.54 OK
r-patched-solaris-x86 0.10.1 258.40 OK
r-release-linux-x86_64 0.10.1 13.68 137.97 151.65 OK
r-release-macos-arm64 0.10.1 ERROR
r-release-macos-x86_64 0.10.1 OK
r-release-windows-ix86+x86_64 0.10.1 26.00 125.00 151.00 OK
r-oldrel-macos-x86_64 0.10.1 OK
r-oldrel-windows-ix86+x86_64 0.10.1 32.00 143.00 175.00 OK

Check Details

Version: 0.10.1
Check: whether package can be installed
Result: ERROR
    Installation failed.
Flavor: r-release-macos-arm64