CRAN Package Check Results for Package livechatR

Last updated on 2020-07-15 00:46:55 CEST.

Flavor Version Tinstall Tcheck Ttotal Status Flags
r-devel-linux-x86_64-debian-clang 0.1.0 4.41 33.43 37.84 OK
r-devel-linux-x86_64-debian-gcc 0.1.0 3.27 26.07 29.34 OK
r-devel-linux-x86_64-fedora-clang 0.1.0 53.42 OK
r-devel-linux-x86_64-fedora-gcc 0.1.0 45.13 OK
r-devel-windows-ix86+x86_64 0.1.0 16.00 80.00 96.00 OK
r-patched-linux-x86_64 0.1.0 3.76 32.24 36.00 OK
r-patched-solaris-x86 0.1.0 65.60 OK
r-release-linux-x86_64 0.1.0 4.13 32.56 36.69 OK
r-release-macos-x86_64 0.1.0 ERROR
r-release-windows-ix86+x86_64 0.1.0 15.00 49.00 64.00 OK
r-oldrel-macos-x86_64 0.1.0 OK
r-oldrel-windows-ix86+x86_64 0.1.0 11.00 73.00 84.00 OK

Check Details

Version: 0.1.0
Check: whether package can be installed
Result: ERROR
    Installation failed.
Flavor: r-release-macos-x86_64