CRAN Package Check Results for Package listdtr

Last updated on 2021-09-19 11:50:03 CEST.

Flavor Version Tinstall Tcheck Ttotal Status Flags
r-devel-linux-x86_64-debian-clang 1.1 6.52 53.19 59.71 OK
r-devel-linux-x86_64-debian-gcc 1.1 5.27 40.21 45.48 OK
r-devel-linux-x86_64-fedora-clang 1.1 81.16 OK
r-devel-linux-x86_64-fedora-gcc 1.1 67.38 OK
r-devel-windows-x86_64 1.1 11.00 75.00 86.00 OK
r-devel-windows-x86_64-gcc10-UCRT 1.1 ERROR
r-patched-linux-x86_64 1.1 6.56 49.90 56.46 OK
r-patched-solaris-x86 1.1 99.30 OK
r-release-linux-x86_64 1.1 5.66 50.37 56.03 OK
r-release-macos-arm64 1.1 OK
r-release-macos-x86_64 1.1 OK
r-release-windows-ix86+x86_64 1.1 23.00 81.00 104.00 OK
r-oldrel-macos-x86_64 1.1 OK
r-oldrel-windows-ix86+x86_64 1.1 23.00 73.00 96.00 OK

Check Details

Version: 1.1
Check: whether package can be installed
Result: ERROR
    Installation failed.
Flavor: r-devel-windows-x86_64-gcc10-UCRT