CRAN Package Check Results for Package listarrays

Last updated on 2019-03-20 14:48:25 CET.

Flavor Version Tinstall Tcheck Ttotal Status Flags
r-devel-linux-x86_64-debian-clang 0.1.0 2.42 22.92 25.34 ERROR
r-devel-linux-x86_64-debian-gcc 0.1.0 1.61 18.77 20.38 ERROR
r-devel-linux-x86_64-fedora-clang 0.1.0 30.87 ERROR
r-devel-linux-x86_64-fedora-gcc 0.1.0 29.13 ERROR
r-devel-windows-ix86+x86_64 0.1.0 10.00 50.00 60.00 ERROR
r-patched-linux-x86_64 0.1.0 1.17 21.78 22.95 OK
r-patched-solaris-x86 0.1.0 43.60 OK
r-release-linux-x86_64 0.1.0 1.43 21.78 23.21 OK
r-release-windows-ix86+x86_64 0.1.0 4.00 28.00 32.00 OK
r-release-osx-x86_64 0.1.0 OK
r-oldrel-windows-ix86+x86_64 0.1.0 4.00 46.00 50.00 OK
r-oldrel-osx-x86_64 0.1.0 OK

Check Details

Version: 0.1.0
Check: tests
Result: ERROR
     Running 'testthat.R' [1s/1s]
    Running the tests in 'tests/testthat.R' failed.
    Complete output:
     > library(testthat)
     > library(listarrays)
     >
     > test_check("listarrays")
     -- 1. Failure: shuffle_rows (@test-shuffle.R#12) ------------------------------
     x[i] not identical to l[[1]].
     2/3 mismatches (average diff: 1)
     [2] 3 - 2 == 1
     [3] 2 - 3 == -1
    
     -- 2. Failure: shuffle_rows (@test-shuffle.R#13) ------------------------------
     y[i, ] not identical to l[[2]].
     6/9 mismatches (average diff: 1)
     [2] 3 - 2 == 1
     [3] 2 - 3 == -1
     [5] 6 - 5 == 1
     [6] 5 - 6 == -1
     [8] 9 - 8 == 1
     [9] 8 - 9 == -1
    
     -- 3. Failure: shuffle_rows (@test-shuffle.R#14) ------------------------------
     z[i, , ] not identical to l[[3]].
     18/27 mismatches (average diff: 1)
     [2] 3 - 2 == 1
     [3] 2 - 3 == -1
     [5] 6 - 5 == 1
     [6] 5 - 6 == -1
     [8] 9 - 8 == 1
     [9] 8 - 9 == -1
     [11] 12 - 11 == 1
     [12] 11 - 12 == -1
     [14] 15 - 14 == 1
     ...
    
     -- 4. Failure: shuffle_rows (@test-shuffle.R#18) ------------------------------
     x[c(1, 3, 2)] not identical to l[[1]].
     2/3 mismatches (average diff: 1)
     [2] 3 - 2 == 1
     [3] 2 - 3 == -1
    
     -- 5. Failure: shuffle_rows (@test-shuffle.R#19) ------------------------------
     y[c(3, 1, 2), ] not identical to l[[2]].
     9/9 mismatches (average diff: 1.33)
     [1] 3 - 1 == 2
     [2] 1 - 2 == -1
     [3] 2 - 3 == -1
     [4] 6 - 4 == 2
     [5] 4 - 5 == -1
     [6] 5 - 6 == -1
     [7] 9 - 7 == 2
     [8] 7 - 8 == -1
     [9] 8 - 9 == -1
    
     -- 6. Failure: shuffle_rows (@test-shuffle.R#20) ------------------------------
     z[c(3, 2, 1), , ] not identical to l[[3]].
     18/27 mismatches (average diff: 1)
     [2] 2 - 1 == 1
     [3] 1 - 2 == -1
     [5] 5 - 4 == 1
     [6] 4 - 5 == -1
     [8] 8 - 7 == 1
     [9] 7 - 8 == -1
     [11] 11 - 10 == 1
     [12] 10 - 11 == -1
     [14] 14 - 13 == 1
     ...
    
     == testthat results ===========================================================
     OK: 78 SKIPPED: 0 FAILED: 6
     1. Failure: shuffle_rows (@test-shuffle.R#12)
     2. Failure: shuffle_rows (@test-shuffle.R#13)
     3. Failure: shuffle_rows (@test-shuffle.R#14)
     4. Failure: shuffle_rows (@test-shuffle.R#18)
     5. Failure: shuffle_rows (@test-shuffle.R#19)
     6. Failure: shuffle_rows (@test-shuffle.R#20)
    
     Error: testthat unit tests failed
     Execution halted
Flavor: r-devel-linux-x86_64-debian-clang

Version: 0.1.0
Check: tests
Result: ERROR
     Running ‘testthat.R’ [1s/1s]
    Running the tests in ‘tests/testthat.R’ failed.
    Complete output:
     > library(testthat)
     > library(listarrays)
     >
     > test_check("listarrays")
     ── 1. Failure: shuffle_rows (@test-shuffle.R#12) ──────────────────────────────
     x[i] not identical to l[[1]].
     2/3 mismatches (average diff: 1)
     [2] 3 - 2 == 1
     [3] 2 - 3 == -1
    
     ── 2. Failure: shuffle_rows (@test-shuffle.R#13) ──────────────────────────────
     y[i, ] not identical to l[[2]].
     6/9 mismatches (average diff: 1)
     [2] 3 - 2 == 1
     [3] 2 - 3 == -1
     [5] 6 - 5 == 1
     [6] 5 - 6 == -1
     [8] 9 - 8 == 1
     [9] 8 - 9 == -1
    
     ── 3. Failure: shuffle_rows (@test-shuffle.R#14) ──────────────────────────────
     z[i, , ] not identical to l[[3]].
     18/27 mismatches (average diff: 1)
     [2] 3 - 2 == 1
     [3] 2 - 3 == -1
     [5] 6 - 5 == 1
     [6] 5 - 6 == -1
     [8] 9 - 8 == 1
     [9] 8 - 9 == -1
     [11] 12 - 11 == 1
     [12] 11 - 12 == -1
     [14] 15 - 14 == 1
     ...
    
     ── 4. Failure: shuffle_rows (@test-shuffle.R#18) ──────────────────────────────
     x[c(1, 3, 2)] not identical to l[[1]].
     2/3 mismatches (average diff: 1)
     [2] 3 - 2 == 1
     [3] 2 - 3 == -1
    
     ── 5. Failure: shuffle_rows (@test-shuffle.R#19) ──────────────────────────────
     y[c(3, 1, 2), ] not identical to l[[2]].
     9/9 mismatches (average diff: 1.33)
     [1] 3 - 1 == 2
     [2] 1 - 2 == -1
     [3] 2 - 3 == -1
     [4] 6 - 4 == 2
     [5] 4 - 5 == -1
     [6] 5 - 6 == -1
     [7] 9 - 7 == 2
     [8] 7 - 8 == -1
     [9] 8 - 9 == -1
    
     ── 6. Failure: shuffle_rows (@test-shuffle.R#20) ──────────────────────────────
     z[c(3, 2, 1), , ] not identical to l[[3]].
     18/27 mismatches (average diff: 1)
     [2] 2 - 1 == 1
     [3] 1 - 2 == -1
     [5] 5 - 4 == 1
     [6] 4 - 5 == -1
     [8] 8 - 7 == 1
     [9] 7 - 8 == -1
     [11] 11 - 10 == 1
     [12] 10 - 11 == -1
     [14] 14 - 13 == 1
     ...
    
     ══ testthat results ═══════════════════════════════════════════════════════════
     OK: 78 SKIPPED: 0 FAILED: 6
     1. Failure: shuffle_rows (@test-shuffle.R#12)
     2. Failure: shuffle_rows (@test-shuffle.R#13)
     3. Failure: shuffle_rows (@test-shuffle.R#14)
     4. Failure: shuffle_rows (@test-shuffle.R#18)
     5. Failure: shuffle_rows (@test-shuffle.R#19)
     6. Failure: shuffle_rows (@test-shuffle.R#20)
    
     Error: testthat unit tests failed
     Execution halted
Flavor: r-devel-linux-x86_64-debian-gcc

Version: 0.1.0
Check: tests
Result: ERROR
     Running ‘testthat.R’
    Running the tests in ‘tests/testthat.R’ failed.
    Complete output:
     > library(testthat)
     > library(listarrays)
     >
     > test_check("listarrays")
     ── 1. Failure: shuffle_rows (@test-shuffle.R#12) ──────────────────────────────
     x[i] not identical to l[[1]].
     2/3 mismatches (average diff: 1)
     [2] 3 - 2 == 1
     [3] 2 - 3 == -1
    
     ── 2. Failure: shuffle_rows (@test-shuffle.R#13) ──────────────────────────────
     y[i, ] not identical to l[[2]].
     6/9 mismatches (average diff: 1)
     [2] 3 - 2 == 1
     [3] 2 - 3 == -1
     [5] 6 - 5 == 1
     [6] 5 - 6 == -1
     [8] 9 - 8 == 1
     [9] 8 - 9 == -1
    
     ── 3. Failure: shuffle_rows (@test-shuffle.R#14) ──────────────────────────────
     z[i, , ] not identical to l[[3]].
     18/27 mismatches (average diff: 1)
     [2] 3 - 2 == 1
     [3] 2 - 3 == -1
     [5] 6 - 5 == 1
     [6] 5 - 6 == -1
     [8] 9 - 8 == 1
     [9] 8 - 9 == -1
     [11] 12 - 11 == 1
     [12] 11 - 12 == -1
     [14] 15 - 14 == 1
     ...
    
     ── 4. Failure: shuffle_rows (@test-shuffle.R#18) ──────────────────────────────
     x[c(1, 3, 2)] not identical to l[[1]].
     2/3 mismatches (average diff: 1)
     [2] 3 - 2 == 1
     [3] 2 - 3 == -1
    
     ── 5. Failure: shuffle_rows (@test-shuffle.R#19) ──────────────────────────────
     y[c(3, 1, 2), ] not identical to l[[2]].
     9/9 mismatches (average diff: 1.33)
     [1] 3 - 1 == 2
     [2] 1 - 2 == -1
     [3] 2 - 3 == -1
     [4] 6 - 4 == 2
     [5] 4 - 5 == -1
     [6] 5 - 6 == -1
     [7] 9 - 7 == 2
     [8] 7 - 8 == -1
     [9] 8 - 9 == -1
    
     ── 6. Failure: shuffle_rows (@test-shuffle.R#20) ──────────────────────────────
     z[c(3, 2, 1), , ] not identical to l[[3]].
     18/27 mismatches (average diff: 1)
     [2] 2 - 1 == 1
     [3] 1 - 2 == -1
     [5] 5 - 4 == 1
     [6] 4 - 5 == -1
     [8] 8 - 7 == 1
     [9] 7 - 8 == -1
     [11] 11 - 10 == 1
     [12] 10 - 11 == -1
     [14] 14 - 13 == 1
     ...
    
     ══ testthat results ═══════════════════════════════════════════════════════════
     OK: 78 SKIPPED: 0 FAILED: 6
     1. Failure: shuffle_rows (@test-shuffle.R#12)
     2. Failure: shuffle_rows (@test-shuffle.R#13)
     3. Failure: shuffle_rows (@test-shuffle.R#14)
     4. Failure: shuffle_rows (@test-shuffle.R#18)
     5. Failure: shuffle_rows (@test-shuffle.R#19)
     6. Failure: shuffle_rows (@test-shuffle.R#20)
    
     Error: testthat unit tests failed
     Execution halted
Flavors: r-devel-linux-x86_64-fedora-clang, r-devel-linux-x86_64-fedora-gcc

Version: 0.1.0
Check: tests
Result: ERROR
     Running 'testthat.R' [1s]
    Running the tests in 'tests/testthat.R' failed.
    Complete output:
     > library(testthat)
     > library(listarrays)
     >
     > test_check("listarrays")
     -- 1. Failure: shuffle_rows (@test-shuffle.R#12) ------------------------------
     x[i] not identical to l[[1]].
     2/3 mismatches (average diff: 1)
     [2] 3 - 2 == 1
     [3] 2 - 3 == -1
    
     -- 2. Failure: shuffle_rows (@test-shuffle.R#13) ------------------------------
     y[i, ] not identical to l[[2]].
     6/9 mismatches (average diff: 1)
     [2] 3 - 2 == 1
     [3] 2 - 3 == -1
     [5] 6 - 5 == 1
     [6] 5 - 6 == -1
     [8] 9 - 8 == 1
     [9] 8 - 9 == -1
    
     -- 3. Failure: shuffle_rows (@test-shuffle.R#14) ------------------------------
     z[i, , ] not identical to l[[3]].
     18/27 mismatches (average diff: 1)
     [2] 3 - 2 == 1
     [3] 2 - 3 == -1
     [5] 6 - 5 == 1
     [6] 5 - 6 == -1
     [8] 9 - 8 == 1
     [9] 8 - 9 == -1
     [11] 12 - 11 == 1
     [12] 11 - 12 == -1
     [14] 15 - 14 == 1
     ...
    
     -- 4. Failure: shuffle_rows (@test-shuffle.R#18) ------------------------------
     x[c(1, 3, 2)] not identical to l[[1]].
     2/3 mismatches (average diff: 1)
     [2] 3 - 2 == 1
     [3] 2 - 3 == -1
    
     -- 5. Failure: shuffle_rows (@test-shuffle.R#19) ------------------------------
     y[c(3, 1, 2), ] not identical to l[[2]].
     9/9 mismatches (average diff: 1.33)
     [1] 3 - 1 == 2
     [2] 1 - 2 == -1
     [3] 2 - 3 == -1
     [4] 6 - 4 == 2
     [5] 4 - 5 == -1
     [6] 5 - 6 == -1
     [7] 9 - 7 == 2
     [8] 7 - 8 == -1
     [9] 8 - 9 == -1
    
     -- 6. Failure: shuffle_rows (@test-shuffle.R#20) ------------------------------
     z[c(3, 2, 1), , ] not identical to l[[3]].
     18/27 mismatches (average diff: 1)
     [2] 2 - 1 == 1
     [3] 1 - 2 == -1
     [5] 5 - 4 == 1
     [6] 4 - 5 == -1
     [8] 8 - 7 == 1
     [9] 7 - 8 == -1
     [11] 11 - 10 == 1
     [12] 10 - 11 == -1
     [14] 14 - 13 == 1
     ...
    
     == testthat results ===========================================================
     OK: 78 SKIPPED: 0 FAILED: 6
     1. Failure: shuffle_rows (@test-shuffle.R#12)
     2. Failure: shuffle_rows (@test-shuffle.R#13)
     3. Failure: shuffle_rows (@test-shuffle.R#14)
     4. Failure: shuffle_rows (@test-shuffle.R#18)
     5. Failure: shuffle_rows (@test-shuffle.R#19)
     6. Failure: shuffle_rows (@test-shuffle.R#20)
    
     Error: testthat unit tests failed
     Execution halted
Flavor: r-devel-windows-ix86+x86_64