CRAN Package Check Results for Package listArray

Last updated on 2023-06-09 18:52:02 CEST.

Flavor Version Tinstall Tcheck Ttotal Status Flags
r-devel-linux-x86_64-debian-clang 0.1.1 1.87 26.68 28.55 NOTE
r-devel-linux-x86_64-debian-gcc 0.1.1 1.56 21.12 22.68 NOTE
r-devel-linux-x86_64-fedora-clang 0.1.1 36.71 NOTE
r-devel-linux-x86_64-fedora-gcc 0.1.1 47.63 NOTE
r-devel-windows-x86_64 0.1.1 5.00 50.00 55.00 NOTE
r-patched-linux-x86_64 0.1.1 2.33 25.94 28.27 NOTE
r-release-linux-x86_64 0.1.1 1.74 25.53 27.27 NOTE
r-release-macos-arm64 0.1.1 24.00 NOTE
r-release-macos-x86_64 0.1.1 33.00 NOTE
r-release-windows-x86_64 0.1.1 4.00 50.00 54.00 NOTE
r-oldrel-macos-arm64 0.1.1 20.00 NOTE
r-oldrel-macos-x86_64 0.1.1 24.00 NOTE
r-oldrel-windows-x86_64 0.1.1 4.00 52.00 56.00 NOTE

Check Details

Version: 0.1.1
Check: LazyData
Result: NOTE
     'LazyData' is specified without a 'data' directory
Flavors: r-devel-linux-x86_64-debian-clang, r-devel-linux-x86_64-debian-gcc, r-devel-linux-x86_64-fedora-clang, r-devel-linux-x86_64-fedora-gcc, r-devel-windows-x86_64, r-patched-linux-x86_64, r-release-linux-x86_64, r-release-macos-arm64, r-release-macos-x86_64, r-release-windows-x86_64, r-oldrel-macos-arm64, r-oldrel-macos-x86_64, r-oldrel-windows-x86_64